CRAN Package Check Results for Package bestridge

Last updated on 2024-03-02 19:50:12 CET.

Flavor Version Tinstall Tcheck Ttotal Status Flags
r-devel-linux-x86_64-debian-clang 1.0.7 339.61 98.86 438.47 NOTE
r-devel-linux-x86_64-debian-gcc 1.0.7 411.72 115.85 527.57 NOTE
r-devel-linux-x86_64-fedora-clang 1.0.7 593.55 NOTE
r-devel-linux-x86_64-fedora-gcc 1.0.7 833.62 NOTE
r-devel-windows-x86_64 1.0.7 304.00 141.00 445.00 NOTE
r-patched-linux-x86_64 1.0.7 397.20 137.32 534.52 NOTE
r-release-linux-x86_64 1.0.7 511.01 145.36 656.37 NOTE
r-release-macos-arm64 1.0.7 175.00 NOTE
r-release-macos-x86_64 1.0.7 291.00 NOTE
r-release-windows-x86_64 1.0.7 485.00 181.00 666.00 NOTE
r-oldrel-macos-arm64 1.0.7 154.00 NOTE
r-oldrel-windows-x86_64 1.0.7 380.00 150.00 530.00 OK

Check Details

Version: 1.0.7
Check: C++ specification
Result: NOTE Specified C++11: please drop specification unless essential Flavors: r-devel-linux-x86_64-debian-clang, r-devel-linux-x86_64-debian-gcc, r-devel-linux-x86_64-fedora-clang, r-devel-linux-x86_64-fedora-gcc, r-devel-windows-x86_64, r-patched-linux-x86_64, r-release-linux-x86_64, r-release-macos-arm64, r-release-macos-x86_64, r-release-windows-x86_64

Version: 1.0.7
Check: Rd files
Result: NOTE checkRd: (-1) gen.data.Rd:42: Lost braces 42 | code{cortype = 2} denotes the constant structure, where the \eqn{(i,j)} entry of covariance | ^ Flavors: r-devel-linux-x86_64-debian-clang, r-devel-linux-x86_64-debian-gcc, r-devel-linux-x86_64-fedora-clang, r-devel-linux-x86_64-fedora-gcc

Version: 1.0.7
Check: installed package size
Result: NOTE installed size is 60.6Mb sub-directories of 1Mb or more: data 2.7Mb libs 57.4Mb Flavors: r-release-macos-arm64, r-release-macos-x86_64, r-oldrel-macos-arm64