CRAN Package Check Results for Package bestridge

Last updated on 2021-11-30 19:51:17 CET.

Flavor Version Tinstall Tcheck Ttotal Status Flags
r-devel-linux-x86_64-debian-clang 1.0.7 344.11 81.80 425.91 OK
r-devel-linux-x86_64-debian-gcc 1.0.7 347.77 87.78 435.55 OK
r-devel-linux-x86_64-fedora-clang 1.0.7 663.56 NOTE
r-devel-linux-x86_64-fedora-gcc 1.0.7 745.56 OK
r-devel-windows-x86_64-new-UL 1.0.7 467.00 244.00 711.00 OK
r-devel-windows-x86_64-new-TK 1.0.7 OK
r-devel-windows-x86_64-old 1.0.7 490.00 160.00 650.00 OK
r-patched-linux-x86_64 1.0.7 392.03 105.22 497.25 OK
r-patched-solaris-x86 1.0.7 649.20 OK
r-release-linux-x86_64 1.0.7 404.28 106.67 510.95 OK
r-release-macos-arm64 1.0.7 NOTE
r-release-macos-x86_64 1.0.7 NOTE
r-release-windows-ix86+x86_64 1.0.7 945.00 200.00 1145.00 NOTE
r-oldrel-macos-x86_64 1.0.7 NOTE
r-oldrel-windows-ix86+x86_64 1.0.7 672.00 171.00 843.00 NOTE

Check Details

Version: 1.0.7
Check: installed package size
Result: NOTE
     installed size is 62.0Mb
     sub-directories of 1Mb or more:
     data 2.7Mb
     libs 58.7Mb
Flavors: r-devel-linux-x86_64-fedora-clang, r-release-macos-arm64, r-release-macos-x86_64, r-release-windows-ix86+x86_64, r-oldrel-macos-x86_64, r-oldrel-windows-ix86+x86_64