CRAN Package Check Results for Package benchden

Last updated on 2021-09-22 20:49:25 CEST.

Flavor Version Tinstall Tcheck Ttotal Status Flags
r-devel-linux-x86_64-debian-clang 1.0.5 5.25 29.70 34.95 NOTE
r-devel-linux-x86_64-debian-gcc 1.0.5 3.61 22.92 26.53 NOTE
r-devel-linux-x86_64-fedora-clang 1.0.5 50.69 NOTE
r-devel-linux-x86_64-fedora-gcc 1.0.5 40.29 NOTE
r-devel-windows-x86_64 1.0.5 6.00 31.00 37.00 NOTE
r-devel-windows-x86_64-gcc10-UCRT 1.0.5 ERROR
r-patched-linux-x86_64 1.0.5 5.45 28.65 34.10 NOTE
r-patched-solaris-x86 1.0.5 56.20 NOTE
r-release-linux-x86_64 1.0.5 4.82 28.45 33.27 NOTE
r-release-macos-arm64 1.0.5 NOTE
r-release-macos-x86_64 1.0.5 NOTE
r-release-windows-ix86+x86_64 1.0.5 9.00 40.00 49.00 NOTE
r-oldrel-macos-x86_64 1.0.5 NOTE
r-oldrel-windows-ix86+x86_64 1.0.5 8.00 38.00 46.00 NOTE

Check Details

Version: 1.0.5
Check: R code for possible problems
Result: NOTE
    den01: no visible global function definition for 'dunif'
    den02: no visible global function definition for 'dexp'
    den04: no visible global function definition for 'dexp'
    den05: no visible global function definition for 'dlogis'
    den06: no visible global function definition for 'dcauchy'
    den11: no visible global function definition for 'dnorm'
    den12: no visible global function definition for 'dlnorm'
    den13: no visible global function definition for 'dunif'
    den17: no visible global function definition for 'dbeta'
    den18: no visible global function definition for 'dchisq'
    den19: no visible global function definition for 'dnorm'
    den21: no visible global function definition for 'dnorm'
    den22: no visible global function definition for 'dnorm'
    den23: no visible global function definition for 'dnorm'
    den24: no visible global function definition for 'dnorm'
    den26: no visible global function definition for 'dunif'
    gen01: no visible global function definition for 'runif'
    gen02: no visible global function definition for 'rexp'
    gen03: no visible global function definition for 'runif'
    gen04: no visible global function definition for 'rexp'
    gen05: no visible global function definition for 'rlogis'
    gen06: no visible global function definition for 'rcauchy'
    gen07: no visible global function definition for 'runif'
    gen08: no visible global function definition for 'runif'
    gen09: no visible global function definition for 'runif'
    gen10: no visible global function definition for 'runif'
    gen11: no visible global function definition for 'rnorm'
    gen12: no visible global function definition for 'rlnorm'
    gen13: no visible global function definition for 'runif'
    gen14: no visible global function definition for 'runif'
    gen15: no visible global function definition for 'runif'
    gen16: no visible global function definition for 'runif'
    gen17: no visible global function definition for 'rbeta'
    gen18: no visible global function definition for 'rchisq'
    gen19: no visible global function definition for 'rnorm'
    gen20: no visible global function definition for 'rexp'
    gen21: no visible global function definition for 'rnorm'
    gen22: no visible global function definition for 'rnorm'
    gen23: no visible global function definition for 'rnorm'
    gen24: no visible global function definition for 'rnorm'
    gen25: no visible global function definition for 'runif'
    gen26: no visible global function definition for 'runif'
    gen28: no visible global function definition for 'runif'
    pen01: no visible global function definition for 'punif'
    pen02: no visible global function definition for 'pexp'
    pen04: no visible global function definition for 'pexp'
    pen05: no visible global function definition for 'plogis'
    pen06: no visible global function definition for 'pcauchy'
    pen11: no visible global function definition for 'pnorm'
    pen12: no visible global function definition for 'plnorm'
    pen13: no visible global function definition for 'punif'
    pen17: no visible global function definition for 'pbeta'
    pen18: no visible global function definition for 'pchisq'
    pen19: no visible global function definition for 'pnorm'
    pen21: no visible global function definition for 'pnorm'
    pen22: no visible global function definition for 'pnorm'
    pen23: no visible global function definition for 'pnorm'
    pen24: no visible global function definition for 'pnorm'
    pen26: no visible global function definition for 'punif'
    phisto: no visible global function definition for 'punif'
    qen01: no visible global function definition for 'qunif'
    qen02: no visible global function definition for 'qexp'
    qen04: no visible global function definition for 'qexp'
    qen05: no visible global function definition for 'qlogis'
    qen06: no visible global function definition for 'qcauchy'
    qen11: no visible global function definition for 'qnorm'
    qen12: no visible global function definition for 'qlnorm'
    qen15: no visible global function definition for 'uniroot'
    qen17: no visible global function definition for 'qbeta'
    qen18: no visible global function definition for 'qchisq'
    qen19: no visible global function definition for 'qnorm'
    qen21: no visible global function definition for 'uniroot'
    qen22: no visible global function definition for 'uniroot'
    qen23: no visible global function definition for 'uniroot'
    qen24: no visible global function definition for 'uniroot'
    qen25: no visible global function definition for 'uniroot'
    qen28: no visible global function definition for 'uniroot'
    rhisto: no visible global function definition for 'runif'
    Undefined global functions or variables:
     dbeta dcauchy dchisq dexp dlnorm dlogis dnorm dunif pbeta pcauchy
     pchisq pexp plnorm plogis pnorm punif qbeta qcauchy qchisq qexp
     qlnorm qlogis qnorm qunif rbeta rcauchy rchisq rexp rlnorm rlogis
     rnorm runif uniroot
    Consider adding
     importFrom("stats", "dbeta", "dcauchy", "dchisq", "dexp", "dlnorm",
     "dlogis", "dnorm", "dunif", "pbeta", "pcauchy", "pchisq",
     "pexp", "plnorm", "plogis", "pnorm", "punif", "qbeta",
     "qcauchy", "qchisq", "qexp", "qlnorm", "qlogis", "qnorm",
     "qunif", "rbeta", "rcauchy", "rchisq", "rexp", "rlnorm",
     "rlogis", "rnorm", "runif", "uniroot")
    to your NAMESPACE file.
Flavors: r-devel-linux-x86_64-debian-clang, r-devel-linux-x86_64-debian-gcc, r-devel-linux-x86_64-fedora-clang, r-devel-linux-x86_64-fedora-gcc, r-devel-windows-x86_64, r-devel-windows-x86_64-gcc10-UCRT, r-patched-linux-x86_64, r-patched-solaris-x86, r-release-linux-x86_64, r-release-macos-arm64, r-release-macos-x86_64, r-release-windows-ix86+x86_64, r-oldrel-macos-x86_64, r-oldrel-windows-ix86+x86_64

Version: 1.0.5
Check: PDF version of manual
Result: WARN
    LaTeX errors when creating PDF version.
    This typically indicates Rd problems.
Flavor: r-devel-windows-x86_64-gcc10-UCRT

Version: 1.0.5
Check: PDF version of manual without hyperrefs or index
Result: ERROR
    Re-running with no redirection of stdout/stderr.
Flavor: r-devel-windows-x86_64-gcc10-UCRT