CRAN Package Check Results for Package behaviorchange

Last updated on 2020-11-28 19:46:55 CET.

Flavor Version Tinstall Tcheck Ttotal Status Flags
r-devel-linux-x86_64-debian-clang 0.2.4 11.79 86.48 98.27 OK
r-devel-linux-x86_64-debian-gcc 0.2.4 9.61 65.03 74.64 OK
r-devel-linux-x86_64-fedora-clang 0.2.4 128.17 NOTE
r-devel-linux-x86_64-fedora-gcc 0.2.4 120.98 NOTE
r-devel-windows-ix86+x86_64 0.2.4 21.00 108.00 129.00 OK
r-patched-linux-x86_64 0.2.4 10.94 82.58 93.52 OK
r-patched-solaris-x86 0.2.4 144.20 NOTE
r-release-linux-x86_64 0.2.4 11.83 82.57 94.40 OK
r-release-macos-x86_64 0.2.4 NOTE
r-release-windows-ix86+x86_64 0.2.4 16.00 88.00 104.00 OK
r-oldrel-macos-x86_64 0.2.4 NOTE
r-oldrel-windows-ix86+x86_64 0.2.4 15.00 111.00 126.00 OK

Check Details

Version: 0.2.4
Check: dependencies in R code
Result: NOTE
    Namespaces in Imports field not imported from:
     ‘magrittr’ ‘png’
     All declared Imports should be used.
Flavors: r-devel-linux-x86_64-fedora-clang, r-devel-linux-x86_64-fedora-gcc, r-patched-solaris-x86, r-release-macos-x86_64, r-oldrel-macos-x86_64

Version: 0.2.4
Check: package dependencies
Result: NOTE
    Package suggested but not available for checking: ‘rsvg’
Flavor: r-patched-solaris-x86