CRAN Package Check Results for Package beanz

Last updated on 2019-09-19 09:47:46 CEST.

Flavor Version Tinstall Tcheck Ttotal Status Flags
r-devel-linux-x86_64-debian-clang 2.4 625.80 180.77 806.57 NOTE
r-devel-linux-x86_64-debian-gcc 2.4 649.11 160.72 809.83 NOTE
r-devel-linux-x86_64-fedora-clang 2.4 1072.74 NOTE
r-devel-linux-x86_64-fedora-gcc 2.4 1197.80 NOTE
r-devel-windows-ix86+x86_64 2.4 1550.00 430.00 1980.00 NOTE
r-patched-linux-x86_64 2.4 661.93 200.42 862.35 NOTE
r-patched-solaris-x86 2.4 1115.70 NOTE
r-release-linux-x86_64 2.4 657.25 205.65 862.90 NOTE
r-release-windows-ix86+x86_64 2.4 1032.00 313.00 1345.00 NOTE
r-release-osx-x86_64 2.4 FAIL
r-oldrel-windows-ix86+x86_64 2.4 1082.00 296.00 1378.00 NOTE
r-oldrel-osx-x86_64 2.4 NOTE

Check Details

Version: 2.4
Check: for GNU extensions in Makefiles
Result: NOTE
    GNU make is a SystemRequirements.
Flavors: r-devel-linux-x86_64-debian-clang, r-devel-linux-x86_64-debian-gcc, r-devel-linux-x86_64-fedora-clang, r-devel-linux-x86_64-fedora-gcc, r-devel-windows-ix86+x86_64, r-patched-linux-x86_64, r-patched-solaris-x86, r-release-linux-x86_64, r-release-windows-ix86+x86_64, r-release-osx-x86_64, r-oldrel-windows-ix86+x86_64, r-oldrel-osx-x86_64

Version: 2.4
Check: installed package size
Result: NOTE
     installed size is 98.7Mb
     sub-directories of 1Mb or more:
     libs 97.2Mb
Flavors: r-devel-linux-x86_64-fedora-clang, r-devel-windows-ix86+x86_64, r-patched-solaris-x86, r-release-windows-ix86+x86_64, r-release-osx-x86_64, r-oldrel-windows-ix86+x86_64, r-oldrel-osx-x86_64

Version: 2.4
Check: dependencies in R code
Result: NOTE
    Namespace in Imports field not imported from: ‘rstantools’
     All declared Imports should be used.
Flavors: r-devel-linux-x86_64-fedora-clang, r-devel-linux-x86_64-fedora-gcc, r-patched-solaris-x86, r-release-osx-x86_64, r-oldrel-osx-x86_64

Version: 2.4
Check: re-building of vignette outputs
Result: WARN
    Error(s) in re-building vignettes:
     ...
    --- re-building ‘beanz_vignettes.Rmd’ using rmarkdown
    Warning in engine$weave(file, quiet = quiet, encoding = enc) :
     Pandoc (>= 1.12.3) and/or pandoc-citeproc not available. Falling back to R Markdown v1.
    
    Execution halted
Flavor: r-release-osx-x86_64

Version: 2.4
Check: PDF version of manual
Result: FAIL
    
Flavor: r-release-osx-x86_64