CRAN Package Check Results for Package beam

Last updated on 2023-09-27 21:01:18 CEST.

Flavor Version Tinstall Tcheck Ttotal Status Flags
r-devel-linux-x86_64-debian-clang 2.0.2 56.26 94.53 150.79 NOTE
r-devel-linux-x86_64-debian-gcc 2.0.2 41.71 72.32 114.03 NOTE
r-devel-linux-x86_64-fedora-clang 2.0.2 199.63 NOTE
r-devel-linux-x86_64-fedora-gcc 2.0.2 211.60 NOTE
r-devel-windows-x86_64 2.0.2 46.00 105.00 151.00 NOTE
r-patched-linux-x86_64 2.0.2 60.07 91.79 151.86 NOTE
r-release-linux-x86_64 2.0.2 63.26 92.59 155.85 NOTE
r-release-macos-arm64 2.0.2 62.00 NOTE
r-release-macos-x86_64 2.0.2 96.00 NOTE
r-release-windows-x86_64 2.0.2 62.00 122.00 184.00 NOTE
r-oldrel-macos-arm64 2.0.2 52.00 OK
r-oldrel-macos-x86_64 2.0.2 76.00 NOTE
r-oldrel-windows-x86_64 2.0.2 62.00 124.00 186.00 OK

Check Details

Version: 2.0.2
Check: C++ specification
Result: NOTE
     Specified C++11: please drop specification unless essential
Flavors: r-devel-linux-x86_64-debian-clang, r-devel-linux-x86_64-debian-gcc, r-devel-linux-x86_64-fedora-clang, r-devel-linux-x86_64-fedora-gcc, r-devel-windows-x86_64, r-patched-linux-x86_64, r-release-linux-x86_64, r-release-macos-arm64, r-release-macos-x86_64, r-release-windows-x86_64

Version: 2.0.2
Check: installed package size
Result: NOTE
     installed size is 5.1Mb
     sub-directories of 1Mb or more:
     libs 4.5Mb
Flavor: r-oldrel-macos-x86_64