CRAN Package Check Results for Package bdl

Last updated on 2021-11-29 07:51:03 CET.

Flavor Version Tinstall Tcheck Ttotal Status Flags
r-devel-linux-x86_64-debian-clang 1.0.3 NOTE
r-devel-linux-x86_64-debian-gcc 1.0.3 25.95 216.55 242.50 NOTE
r-devel-linux-x86_64-fedora-clang 1.0.3 418.44 NOTE
r-devel-linux-x86_64-fedora-gcc 1.0.3 383.47 NOTE
r-devel-windows-x86_64-new-UL 1.0.3 50.00 350.00 400.00 NOTE
r-devel-windows-x86_64-new-TK 1.0.3 NOTE
r-devel-windows-x86_64-old 1.0.3 47.00 341.00 388.00 NOTE
r-patched-linux-x86_64 1.0.3 28.66 278.58 307.24 NOTE
r-patched-solaris-x86 1.0.3 556.30 NOTE
r-release-linux-x86_64 1.0.3 29.67 278.71 308.38 NOTE
r-release-macos-arm64 1.0.3 NOTE
r-release-macos-x86_64 1.0.3 NOTE
r-release-windows-ix86+x86_64 1.0.3 76.00 349.00 425.00 NOTE
r-oldrel-macos-x86_64 1.0.3 OK
r-oldrel-windows-ix86+x86_64 1.0.3 77.00 371.00 448.00 OK

Check Details

Version: 1.0.3
Check: LazyData
Result: NOTE
     'LazyData' is specified without a 'data' directory
Flavors: r-devel-linux-x86_64-debian-clang, r-devel-linux-x86_64-debian-gcc, r-devel-linux-x86_64-fedora-clang, r-devel-linux-x86_64-fedora-gcc, r-devel-windows-x86_64-new-UL, r-devel-windows-x86_64-new-TK, r-devel-windows-x86_64-old, r-patched-linux-x86_64, r-patched-solaris-x86, r-release-linux-x86_64, r-release-macos-arm64, r-release-macos-x86_64, r-release-windows-ix86+x86_64