CRAN Package Check Results for Package bcp

Last updated on 2022-01-20 07:52:51 CET.

Flavor Version Tinstall Tcheck Ttotal Status Flags
r-devel-linux-x86_64-debian-clang 4.0.3 OK
r-devel-linux-x86_64-debian-gcc 4.0.3 76.24 38.27 114.51 OK
r-devel-linux-x86_64-fedora-clang 4.0.3 232.76 NOTE
r-devel-linux-x86_64-fedora-gcc 4.0.3 200.83 OK
r-devel-windows-x86_64-new-UL 4.0.3 96.00 95.00 191.00 OK
r-devel-windows-x86_64-new-TK 4.0.3 OK
r-patched-linux-x86_64 4.0.3 95.17 48.84 144.01 OK
r-release-linux-x86_64 4.0.3 88.08 48.52 136.60 OK
r-release-macos-arm64 4.0.3 NOTE
r-release-macos-x86_64 4.0.3 OK
r-release-windows-ix86+x86_64 4.0.3 251.00 102.00 353.00 OK
r-oldrel-macos-x86_64 4.0.3 NOTE
r-oldrel-windows-ix86+x86_64 4.0.3 249.00 104.00 353.00 OK

Check Details

Version: 4.0.3
Check: installed package size
Result: NOTE
     installed size is 5.4Mb
     sub-directories of 1Mb or more:
     libs 5.1Mb
Flavors: r-devel-linux-x86_64-fedora-clang, r-release-macos-arm64, r-oldrel-macos-x86_64