CRAN Package Check Results for Package bcTSNE

Last updated on 2021-09-24 20:48:38 CEST.

Flavor Version Tinstall Tcheck Ttotal Status Flags
r-devel-linux-x86_64-debian-clang 0.10.0 8.60 84.33 92.93 NOTE
r-devel-linux-x86_64-debian-gcc 0.10.0 7.16 64.54 71.70 NOTE
r-devel-linux-x86_64-fedora-clang 0.10.0 120.04 NOTE
r-devel-linux-x86_64-fedora-gcc 0.10.0 108.87 NOTE
r-devel-windows-x86_64 0.10.0 9.00 81.00 90.00 NOTE
r-devel-windows-x86_64-gcc10-UCRT 0.10.0 NOTE
r-patched-linux-x86_64 0.10.0 7.76 81.23 88.99 NOTE
r-patched-solaris-x86 0.10.0 163.80 NOTE
r-release-linux-x86_64 0.10.0 9.07 82.44 91.51 NOTE
r-release-macos-arm64 0.10.0 NOTE
r-release-macos-x86_64 0.10.0 NOTE
r-release-windows-ix86+x86_64 0.10.0 21.00 124.00 145.00 NOTE
r-oldrel-macos-x86_64 0.10.0 NOTE
r-oldrel-windows-ix86+x86_64 0.10.0 15.00 107.00 122.00 NOTE

Check Details

Version: 0.10.0
Check: package dependencies
Result: NOTE
    Packages suggested but not available for checking:
     'kBET', 'lisi', 'dlfUtils'
Flavors: r-devel-linux-x86_64-debian-clang, r-devel-linux-x86_64-debian-gcc, r-devel-linux-x86_64-fedora-clang, r-devel-linux-x86_64-fedora-gcc, r-devel-windows-x86_64, r-devel-windows-x86_64-gcc10-UCRT, r-patched-linux-x86_64, r-patched-solaris-x86, r-release-linux-x86_64, r-release-windows-ix86+x86_64, r-oldrel-windows-ix86+x86_64

Version: 0.10.0
Check: LazyData
Result: NOTE
     'LazyData' is specified without a 'data' directory
Flavors: r-devel-linux-x86_64-debian-clang, r-devel-linux-x86_64-debian-gcc, r-devel-linux-x86_64-fedora-clang, r-devel-linux-x86_64-fedora-gcc, r-devel-windows-x86_64, r-devel-windows-x86_64-gcc10-UCRT, r-patched-linux-x86_64, r-patched-solaris-x86, r-release-linux-x86_64, r-release-macos-arm64, r-release-macos-x86_64, r-release-windows-ix86+x86_64

Version: 0.10.0
Check: package dependencies
Result: NOTE
    Packages suggested but not available for checking:
     'batchelor', 'kBET', 'splatter', 'scater', 'lisi', 'dlfUtils'
Flavor: r-release-macos-arm64

Version: 0.10.0
Check: package dependencies
Result: NOTE
    Packages suggested but not available for checking:
     'batchelor', 'kBET', 'splatter', 'lisi', 'harmony', 'dlfUtils'
Flavor: r-release-macos-x86_64

Version: 0.10.0
Check: package dependencies
Result: NOTE
    Packages suggested but not available for checking:
     'batchelor', 'kBET', 'splatter', 'scater', 'lisi', 'harmony',
     'dlfUtils'
Flavor: r-oldrel-macos-x86_64