Last updated on 2023-03-30 08:53:31 CEST.
Flavor | Version | Tinstall | Tcheck | Ttotal | Status | Flags |
---|---|---|---|---|---|---|
r-devel-linux-x86_64-debian-clang | 2.0.2 | 4.65 | 282.82 | 287.47 | OK | |
r-devel-linux-x86_64-debian-gcc | 2.0.2 | 3.80 | 194.46 | 198.26 | OK | |
r-devel-linux-x86_64-fedora-clang | 2.0.2 | 352.18 | NOTE | |||
r-devel-linux-x86_64-fedora-gcc | 2.0.2 | 367.05 | OK | |||
r-devel-windows-x86_64 | 2.0.2 | 46.00 | 315.00 | 361.00 | OK | |
r-patched-linux-x86_64 | 2.0.2 | 4.81 | 284.99 | 289.80 | OK | |
r-release-linux-x86_64 | 2.0.2 | 4.68 | 279.42 | 284.10 | OK | |
r-release-macos-arm64 | 2.0.2 | 82.00 | OK | |||
r-release-macos-x86_64 | 2.0.2 | 137.00 | OK | |||
r-release-windows-x86_64 | 2.0.2 | 38.00 | 315.00 | 353.00 | OK | |
r-oldrel-macos-arm64 | 2.0.2 | 91.00 | OK | |||
r-oldrel-macos-x86_64 | 2.0.2 | 144.00 | OK | |||
r-oldrel-windows-ix86+x86_64 | 2.0.2 | 11.00 | 361.00 | 372.00 | OK |
Version: 2.0.2
Check: Rd cross-references
Result: NOTE
Undeclared package ‘betareg’ in Rd xrefs
Flavor: r-devel-linux-x86_64-fedora-clang