CRAN Package Check Results for Package bbefkr

Last updated on 2021-09-22 08:49:58 CEST.

Flavor Version Tinstall Tcheck Ttotal Status Flags
r-devel-linux-x86_64-debian-clang 4.2 5.81 50.92 56.73 NOTE
r-devel-linux-x86_64-debian-gcc 4.2 3.98 38.62 42.60 NOTE
r-devel-linux-x86_64-fedora-clang 4.2 74.12 NOTE
r-devel-linux-x86_64-fedora-gcc 4.2 64.52 NOTE
r-devel-windows-x86_64 4.2 6.00 51.00 57.00 NOTE
r-devel-windows-x86_64-gcc10-UCRT 4.2 ERROR
r-patched-linux-x86_64 4.2 5.75 49.03 54.78 NOTE
r-patched-solaris-x86 4.2 86.40 NOTE
r-release-linux-x86_64 4.2 5.28 48.86 54.14 NOTE
r-release-macos-arm64 4.2 NOTE
r-release-macos-x86_64 4.2 NOTE
r-release-windows-ix86+x86_64 4.2 8.00 55.00 63.00 NOTE
r-oldrel-macos-x86_64 4.2 NOTE
r-oldrel-windows-ix86+x86_64 4.2 6.00 67.00 73.00 NOTE

Check Details

Version: 4.2
Check: dependencies in R code
Result: NOTE
    Package in Depends field not imported from: 'splines'
     These packages need to be imported from (in the NAMESPACE file)
     for when this namespace is loaded but not attached.
Flavors: r-devel-linux-x86_64-debian-clang, r-devel-linux-x86_64-debian-gcc, r-devel-linux-x86_64-fedora-clang, r-devel-linux-x86_64-fedora-gcc, r-devel-windows-x86_64, r-devel-windows-x86_64-gcc10-UCRT, r-patched-linux-x86_64, r-patched-solaris-x86, r-release-linux-x86_64, r-release-macos-arm64, r-release-macos-x86_64, r-release-windows-ix86+x86_64, r-oldrel-macos-x86_64, r-oldrel-windows-ix86+x86_64

Version: 4.2
Check: R code for possible problems
Result: NOTE
    bayMCMC_np_global : cost: no visible global function definition for
     'sd'
    bayMCMC_np_global : gibbs_mean: no visible global function definition
     for 'rnorm'
    bayMCMC_np_global : gibbs_mean: no visible global function definition
     for 'runif'
    bayMCMC_np_global : gibbs_erro: no visible global function definition
     for 'rnorm'
    bayMCMC_np_global : gibbs_erro: no visible global function definition
     for 'runif'
    bayMCMC_np_global: no visible global function definition for 'runif'
    bayMCMC_np_local : cost: no visible global function definition for 'sd'
    bayMCMC_np_local : gibbs_mean: no visible global function definition
     for 'rnorm'
    bayMCMC_np_local : gibbs_mean: no visible global function definition
     for 'runif'
    bayMCMC_np_local : gibbs_erro: no visible global function definition
     for 'rnorm'
    bayMCMC_np_local : gibbs_erro: no visible global function definition
     for 'runif'
    bayMCMC_np_local : gibbs_epsilon: no visible global function definition
     for 'rnorm'
    bayMCMC_np_local : gibbs_epsilon: no visible global function definition
     for 'runif'
    bayMCMC_np_local: no visible global function definition for 'runif'
    bayMCMC_semi_global : cost: no visible global function definition for
     'sd'
    bayMCMC_semi_global : gibbs_mean: no visible global function definition
     for 'rnorm'
    bayMCMC_semi_global : gibbs_mean: no visible global function definition
     for 'runif'
    bayMCMC_semi_global : gibbs_erro: no visible global function definition
     for 'rnorm'
    bayMCMC_semi_global : gibbs_erro: no visible global function definition
     for 'runif'
    bayMCMC_semi_global: no visible global function definition for 'runif'
    bayMCMC_semi_local : cost: no visible global function definition for
     'sd'
    bayMCMC_semi_local : gibbs_mean: no visible global function definition
     for 'rnorm'
    bayMCMC_semi_local : gibbs_mean: no visible global function definition
     for 'runif'
    bayMCMC_semi_local : gibbs_erro: no visible global function definition
     for 'rnorm'
    bayMCMC_semi_local : gibbs_erro: no visible global function definition
     for 'runif'
    bayMCMC_semi_local : gibbs_epsilon: no visible global function
     definition for 'rnorm'
    bayMCMC_semi_local : gibbs_epsilon: no visible global function
     definition for 'runif'
    bayMCMC_semi_local: no visible global function definition for 'runif'
    error.cdf: no visible global function definition for 'sd'
    error.cdf: no visible global function definition for 'pnorm'
    error.cdfadj: no visible global function definition for 'sd'
    error.cdfadj: no visible global function definition for 'pnorm'
    error.den: no visible global function definition for 'sd'
    error.den: no visible global function definition for 'dnorm'
    error.denadj: no visible global function definition for 'sd'
    error.denadj: no visible global function definition for 'dnorm'
    loglikelihood_global_admkr: no visible global function definition for
     'sd'
    loglikelihood_local_admkr: no visible global function definition for
     'sd'
    semimetric.deriv: no visible global function definition for
     'splineDesign'
    simasyclaw: no visible global function definition for 'runif'
    simasyclaw: no visible global function definition for 'rnorm'
    simasydoubleclaw: no visible global function definition for 'runif'
    simasydoubleclaw: no visible global function definition for 'rnorm'
    simbimodal: no visible global function definition for 'runif'
    simbimodal: no visible global function definition for 'rnorm'
    simclaw: no visible global function definition for 'runif'
    simclaw: no visible global function definition for 'rnorm'
    simdiscretecomb: no visible global function definition for 'runif'
    simdiscretecomb: no visible global function definition for 'rnorm'
    simdoubleclaw: no visible global function definition for 'runif'
    simdoubleclaw: no visible global function definition for 'rnorm'
    simkurtotic: no visible global function definition for 'runif'
    simkurtotic: no visible global function definition for 'rnorm'
    simoutlier: no visible global function definition for 'runif'
    simoutlier: no visible global function definition for 'rnorm'
    simsepbimodal: no visible global function definition for 'runif'
    simsepbimodal: no visible global function definition for 'rnorm'
    simskewbimodal: no visible global function definition for 'runif'
    simskewbimodal: no visible global function definition for 'rnorm'
    simskewunimodal: no visible global function definition for 'runif'
    simskewunimodal: no visible global function definition for 'rnorm'
    simsmoothcomb: no visible global function definition for 'runif'
    simsmoothcomb: no visible global function definition for 'rnorm'
    simstrongskew: no visible global function definition for 'runif'
    simstrongskew: no visible global function definition for 'rnorm'
    simtrimodal: no visible global function definition for 'runif'
    simtrimodal: no visible global function definition for 'rnorm'
    simulate_error: no visible global function definition for 'rnorm'
    Undefined global functions or variables:
     dnorm pnorm rnorm runif sd splineDesign
    Consider adding
     importFrom("stats", "dnorm", "pnorm", "rnorm", "runif", "sd")
    to your NAMESPACE file.
Flavors: r-devel-linux-x86_64-debian-clang, r-devel-linux-x86_64-debian-gcc, r-devel-linux-x86_64-fedora-clang, r-devel-linux-x86_64-fedora-gcc, r-devel-windows-x86_64, r-devel-windows-x86_64-gcc10-UCRT, r-patched-linux-x86_64, r-patched-solaris-x86, r-release-linux-x86_64, r-release-macos-arm64, r-release-macos-x86_64, r-release-windows-ix86+x86_64, r-oldrel-macos-x86_64, r-oldrel-windows-ix86+x86_64

Version: 4.2
Check: PDF version of manual
Result: WARN
    LaTeX errors when creating PDF version.
    This typically indicates Rd problems.
Flavor: r-devel-windows-x86_64-gcc10-UCRT

Version: 4.2
Check: PDF version of manual without hyperrefs or index
Result: ERROR
    Re-running with no redirection of stdout/stderr.
Flavor: r-devel-windows-x86_64-gcc10-UCRT