CRAN Package Check Results for Package bayesvl

Last updated on 2019-08-25 10:46:14 CEST.

Flavor Version Tinstall Tcheck Ttotal Status Flags
r-devel-linux-x86_64-debian-clang 0.8.5 10.10 58.16 68.26 OK
r-devel-linux-x86_64-debian-gcc 0.8.5 8.89 45.26 54.15 OK
r-devel-linux-x86_64-fedora-clang 0.8.5 83.15 NOTE
r-devel-linux-x86_64-fedora-gcc 0.8.5 81.79 NOTE
r-devel-windows-ix86+x86_64 0.8.5 19.00 120.00 139.00 OK
r-patched-linux-x86_64 0.8.5 9.87 56.70 66.57 OK
r-patched-solaris-x86 0.8.5 131.20 NOTE
r-release-linux-x86_64 0.8.5 8.83 57.11 65.94 OK
r-release-windows-ix86+x86_64 0.8.5 45.00 128.00 173.00 OK
r-release-osx-x86_64 0.8.5 NOTE
r-oldrel-windows-ix86+x86_64 0.8.5 26.00 96.00 122.00 OK
r-oldrel-osx-x86_64 0.8.5 NOTE

Check Details

Version: 0.8.5
Check: dependencies in R code
Result: NOTE
    Namespace in Imports field not imported from: ‘dplyr’
     All declared Imports should be used.
Flavors: r-devel-linux-x86_64-fedora-clang, r-devel-linux-x86_64-fedora-gcc, r-patched-solaris-x86, r-release-osx-x86_64, r-oldrel-osx-x86_64