CRAN Package Check Results for Package bayesmove

Last updated on 2021-09-25 20:50:20 CEST.

Flavor Version Tinstall Tcheck Ttotal Status Flags
r-devel-linux-x86_64-debian-clang 0.2.0 51.89 124.20 176.09 OK
r-devel-linux-x86_64-debian-gcc 0.2.0 34.77 86.98 121.75 OK
r-devel-linux-x86_64-fedora-clang 0.2.0 223.86 NOTE
r-devel-linux-x86_64-fedora-gcc 0.2.0 217.60 NOTE
r-devel-windows-x86_64 0.2.0 46.00 114.00 160.00 OK
r-devel-windows-x86_64-gcc10-UCRT 0.2.0 NOTE
r-patched-linux-x86_64 0.2.0 43.15 114.44 157.59 OK
r-patched-solaris-x86 0.2.0 245.60 NOTE
r-release-linux-x86_64 0.2.0 41.15 112.86 154.01 OK
r-release-macos-arm64 0.2.0 NOTE
r-release-macos-x86_64 0.2.0 NOTE
r-release-windows-ix86+x86_64 0.2.0 121.00 208.00 329.00 OK
r-oldrel-macos-x86_64 0.2.0 NOTE
r-oldrel-windows-ix86+x86_64 0.2.0 84.00 165.00 249.00 OK

Check Details

Version: 0.2.0
Check: dependencies in R code
Result: NOTE
    Namespace in Imports field not imported from: ‘move’
     All declared Imports should be used.
Flavors: r-devel-linux-x86_64-fedora-clang, r-devel-linux-x86_64-fedora-gcc, r-devel-windows-x86_64-gcc10-UCRT, r-patched-solaris-x86, r-release-macos-arm64, r-release-macos-x86_64, r-oldrel-macos-x86_64