CRAN Package Check Results for Package bayesian

Last updated on 2021-11-27 07:49:43 CET.

Flavor Version Tinstall Tcheck Ttotal Status Flags
r-devel-linux-x86_64-debian-clang 0.0.7 OK
r-devel-linux-x86_64-debian-gcc 0.0.7 15.67 228.37 244.04 OK
r-devel-linux-x86_64-fedora-clang 0.0.7 404.24 OK
r-devel-linux-x86_64-fedora-gcc 0.0.7 409.04 OK
r-devel-windows-x86_64-new-UL 0.0.7 29.00 254.00 283.00 OK
r-devel-windows-x86_64-new-TK 0.0.7 OK
r-devel-windows-x86_64-old 0.0.7 26.00 210.00 236.00 OK
r-patched-linux-x86_64 0.0.7 18.64 294.08 312.72 OK
r-patched-solaris-x86 0.0.7 440.20 OK
r-release-linux-x86_64 0.0.7 OK
r-release-macos-arm64 0.0.7 OK
r-release-macos-x86_64 0.0.7 OK
r-release-windows-ix86+x86_64 0.0.7 8.00 9.00 17.00 ERROR
r-oldrel-macos-x86_64 0.0.7 OK
r-oldrel-windows-ix86+x86_64 0.0.7 53.00 242.00 295.00 OK

Check Details

Version: 0.0.7
Check: whether package can be installed
Result: ERROR
    Installation failed.
Flavor: r-release-windows-ix86+x86_64