CRAN Package Check Results for Package bayesdfa

Last updated on 2019-08-23 10:48:08 CEST.

Flavor Version Tinstall Tcheck Ttotal Status Flags
r-devel-linux-x86_64-debian-clang 0.1.3 373.64 253.01 626.65 NOTE
r-devel-linux-x86_64-debian-gcc 0.1.3 396.34 204.22 600.56 NOTE
r-devel-linux-x86_64-fedora-clang 0.1.3 807.41 WARN
r-devel-linux-x86_64-fedora-gcc 0.1.3 976.87 NOTE
r-devel-windows-ix86+x86_64 0.1.3 665.00 351.00 1016.00 NOTE
r-patched-linux-x86_64 0.1.3 390.21 251.76 641.97 NOTE
r-patched-solaris-x86 0.1.3 985.80 NOTE
r-release-linux-x86_64 0.1.3 394.31 252.83 647.14 NOTE
r-release-windows-ix86+x86_64 0.1.3 919.00 467.00 1386.00 NOTE
r-release-osx-x86_64 0.1.3 NOTE
r-oldrel-windows-ix86+x86_64 0.1.3 880.00 496.00 1376.00 NOTE
r-oldrel-osx-x86_64 0.1.3 NOTE

Check Details

Version: 0.1.3
Check: for GNU extensions in Makefiles
Result: NOTE
    GNU make is a SystemRequirements.
Flavors: r-devel-linux-x86_64-debian-clang, r-devel-linux-x86_64-debian-gcc, r-devel-linux-x86_64-fedora-clang, r-devel-linux-x86_64-fedora-gcc, r-devel-windows-ix86+x86_64, r-patched-linux-x86_64, r-patched-solaris-x86, r-release-linux-x86_64, r-release-windows-ix86+x86_64, r-release-osx-x86_64, r-oldrel-windows-ix86+x86_64, r-oldrel-osx-x86_64

Version: 0.1.3
Check: whether package can be installed
Result: WARN
    Found the following significant warnings:
     /data/gannet/ripley/R/test-clang/StanHeaders/include/stan/math/prim/mat/err/is_lower_triangular.hpp:25:27: warning: 'ptr_fun<double, double>' is deprecated [-Wdeprecated-declarations]
Flavor: r-devel-linux-x86_64-fedora-clang

Version: 0.1.3
Check: installed package size
Result: NOTE
     installed size is 66.9Mb
     sub-directories of 1Mb or more:
     libs 66.1Mb
Flavors: r-devel-linux-x86_64-fedora-clang, r-devel-windows-ix86+x86_64, r-patched-solaris-x86, r-release-windows-ix86+x86_64, r-release-osx-x86_64, r-oldrel-windows-ix86+x86_64, r-oldrel-osx-x86_64