CRAN Package Check Results for Package bayesdfa

Last updated on 2020-01-23 09:51:54 CET.

Flavor Version Tinstall Tcheck Ttotal Status Flags
r-devel-linux-x86_64-debian-clang 0.1.3 434.50 320.02 754.52 NOTE
r-devel-linux-x86_64-debian-gcc 0.1.3 430.56 201.69 632.25 NOTE
r-devel-linux-x86_64-fedora-clang 0.1.3 1039.06 NOTE
r-devel-linux-x86_64-fedora-gcc 0.1.3 1131.73 NOTE
r-devel-windows-ix86+x86_64 0.1.3 1004.00 547.00 1551.00 NOTE
r-devel-windows-ix86+x86_64-gcc8 0.1.3 935.00 526.00 1461.00 NOTE
r-patched-linux-x86_64 0.1.3 452.80 291.23 744.03 NOTE
r-patched-solaris-x86 0.1.3 1019.60 NOTE
r-release-linux-x86_64 0.1.3 458.97 289.94 748.91 NOTE
r-release-windows-ix86+x86_64 0.1.3 649.00 354.00 1003.00 NOTE
r-release-osx-x86_64 0.1.3 NOTE
r-oldrel-windows-ix86+x86_64 0.1.3 633.00 338.00 971.00 ERROR
r-oldrel-osx-x86_64 0.1.3 NOTE

Check Details

Version: 0.1.3
Check: for GNU extensions in Makefiles
Result: NOTE
    GNU make is a SystemRequirements.
Flavors: r-devel-linux-x86_64-debian-clang, r-devel-linux-x86_64-debian-gcc, r-devel-linux-x86_64-fedora-clang, r-devel-linux-x86_64-fedora-gcc, r-devel-windows-ix86+x86_64, r-devel-windows-ix86+x86_64-gcc8, r-patched-linux-x86_64, r-patched-solaris-x86, r-release-linux-x86_64, r-release-windows-ix86+x86_64, r-release-osx-x86_64, r-oldrel-osx-x86_64

Version: 0.1.3
Check: installed package size
Result: NOTE
     installed size is 75.8Mb
     sub-directories of 1Mb or more:
     libs 74.9Mb
Flavors: r-devel-linux-x86_64-fedora-clang, r-devel-windows-ix86+x86_64, r-devel-windows-ix86+x86_64-gcc8, r-patched-solaris-x86, r-release-windows-ix86+x86_64, r-release-osx-x86_64, r-oldrel-osx-x86_64

Version: 0.1.3
Check: whether package can be installed
Result: ERROR
    Installation failed.
Flavor: r-oldrel-windows-ix86+x86_64