CRAN Package Check Results for Package bayesassurance

Last updated on 2025-01-24 19:48:22 CET.

Flavor Version Tinstall Tcheck Ttotal Status Flags
r-devel-linux-x86_64-debian-clang 0.1.0 8.10 226.67 234.77 NOTE
r-devel-linux-x86_64-debian-gcc 0.1.0 5.96 134.72 140.68 NOTE
r-devel-linux-x86_64-fedora-clang 0.1.0 404.56 OK
r-devel-linux-x86_64-fedora-gcc 0.1.0 388.13 OK
r-devel-windows-x86_64 0.1.0 9.00 197.00 206.00 NOTE
r-patched-linux-x86_64 0.1.0 13.60 213.62 227.22 OK
r-release-linux-x86_64 0.1.0 7.10 215.31 222.41 OK
r-release-macos-arm64 0.1.0 178.00 OK
r-release-macos-x86_64 0.1.0 433.00 OK
r-release-windows-x86_64 0.1.0 10.00 196.00 206.00 OK
r-oldrel-macos-arm64 0.1.0 93.00 OK
r-oldrel-macos-x86_64 0.1.0 173.00 OK
r-oldrel-windows-x86_64 0.1.0 12.00 257.00 269.00 OK

Check Details

Version: 0.1.0
Check: Rd cross-references
Result: NOTE Found the following Rd file(s) with Rd \link{} targets missing package anchors: pwr_curve.Rd: ggplot2 Please provide package anchors for all Rd \link{} targets not in the package itself and the base packages. Flavors: r-devel-linux-x86_64-debian-clang, r-devel-linux-x86_64-debian-gcc, r-devel-windows-x86_64