Last updated on 2022-05-18 21:53:10 CEST.
Flavor | Version | Tinstall | Tcheck | Ttotal | Status | Flags |
---|---|---|---|---|---|---|
r-devel-linux-x86_64-debian-clang | 0.3.1 | 91.67 | 81.99 | 173.66 | OK | |
r-devel-linux-x86_64-debian-gcc | 0.3.1 | 70.09 | 63.12 | 133.21 | OK | |
r-devel-linux-x86_64-fedora-clang | 0.3.1 | 240.21 | NOTE | |||
r-devel-linux-x86_64-fedora-gcc | 0.3.1 | 210.99 | OK | |||
r-devel-windows-x86_64 | 0.3.1 | 77.00 | 122.00 | 199.00 | OK | |
r-patched-linux-x86_64 | 0.3.1 | 79.62 | 82.29 | 161.91 | OK | |
r-release-linux-x86_64 | 0.3.1 | 78.03 | 82.02 | 160.05 | OK | |
r-release-macos-arm64 | 0.3.1 | 66.00 | NOTE | |||
r-release-macos-x86_64 | 0.3.1 | 79.00 | NOTE | |||
r-release-windows-x86_64 | 0.3.1 | 81.00 | 141.00 | 222.00 | OK | |
r-oldrel-macos-arm64 | 0.3.1 | 57.00 | NOTE | |||
r-oldrel-macos-x86_64 | 0.3.1 | 94.00 | NOTE | |||
r-oldrel-windows-ix86+x86_64 | 0.3.1 | 213.00 | 129.00 | 342.00 | OK |
Version: 0.3.1
Check: installed package size
Result: NOTE
installed size is 8.8Mb
sub-directories of 1Mb or more:
libs 8.1Mb
Flavors: r-devel-linux-x86_64-fedora-clang, r-release-macos-arm64, r-release-macos-x86_64, r-oldrel-macos-arm64, r-oldrel-macos-x86_64