CRAN Package Check Results for Package bayesImageS

Last updated on 2021-12-04 07:50:14 CET.

Flavor Version Tinstall Tcheck Ttotal Status Flags
r-devel-linux-x86_64-debian-clang 0.6-1 74.37 114.71 189.08 OK
r-devel-linux-x86_64-debian-gcc 0.6-1 55.37 93.80 149.17 OK
r-devel-linux-x86_64-fedora-clang 0.6-1 267.49 NOTE
r-devel-linux-x86_64-fedora-gcc 0.6-1 237.10 OK
r-devel-windows-x86_64-new-UL 0.6-1 100.00 257.00 357.00 OK
r-devel-windows-x86_64-new-TK 0.6-1 OK
r-devel-windows-x86_64-old 0.6-1 99.00 129.00 228.00 OK
r-patched-linux-x86_64 0.6-1 65.84 109.10 174.94 OK
r-release-linux-x86_64 0.6-1 62.56 109.36 171.92 OK
r-release-macos-arm64 0.6-1 NOTE
r-release-macos-x86_64 0.6-1 NOTE
r-release-windows-ix86+x86_64 0.6-1 189.00 177.00 366.00 NOTE
r-oldrel-macos-x86_64 0.6-1 NOTE
r-oldrel-windows-ix86+x86_64 0.6-1 185.00 186.00 371.00 NOTE

Check Details

Version: 0.6-1
Check: installed package size
Result: NOTE
     installed size is 7.3Mb
     sub-directories of 1Mb or more:
     data 2.7Mb
     libs 3.8Mb
Flavors: r-devel-linux-x86_64-fedora-clang, r-release-macos-arm64, r-release-macos-x86_64, r-release-windows-ix86+x86_64, r-oldrel-macos-x86_64, r-oldrel-windows-ix86+x86_64

Version: 0.6-1
Check: package dependencies
Result: NOTE
    Package suggested but not available for checking: ‘PottsUtils’
Flavor: r-release-macos-arm64