CRAN Package Check Results for Package bayesDccGarch

Last updated on 2021-09-21 20:50:47 CEST.

Flavor Version Tinstall Tcheck Ttotal Status Flags
r-devel-linux-x86_64-debian-clang 2.2 8.55 28.27 36.82 OK
r-devel-linux-x86_64-debian-gcc 2.2 3.75 22.39 26.14 OK
r-devel-linux-x86_64-fedora-clang 2.2 52.62 OK
r-devel-linux-x86_64-fedora-gcc 2.2 38.75 OK
r-devel-windows-x86_64 2.2 7.00 34.00 41.00 OK
r-devel-windows-x86_64-gcc10-UCRT 2.2 ERROR
r-patched-linux-x86_64 2.2 5.33 27.86 33.19 OK
r-patched-solaris-x86 2.2 56.20 OK
r-release-linux-x86_64 2.2 4.21 27.65 31.86 OK
r-release-macos-arm64 2.2 OK
r-release-macos-x86_64 2.2 OK
r-release-windows-ix86+x86_64 2.2 13.00 52.00 65.00 OK
r-oldrel-macos-x86_64 2.2 OK
r-oldrel-windows-ix86+x86_64 2.2 14.00 40.00 54.00 OK

Check Details

Version: 2.2
Check: whether package can be installed
Result: ERROR
    Installation failed.
Flavor: r-devel-windows-x86_64-gcc10-UCRT