CRAN Package Check Results for Package bate

Last updated on 2022-09-30 20:51:55 CEST.

Flavor Version Tinstall Tcheck Ttotal Status Flags
r-devel-linux-x86_64-debian-clang 0.1.0 7.77 264.21 271.98 OK
r-devel-linux-x86_64-debian-gcc 0.1.0 4.69 194.47 199.16 OK
r-devel-linux-x86_64-fedora-clang 0.1.0 349.18 NOTE
r-devel-linux-x86_64-fedora-gcc 0.1.0 344.81 NOTE
r-devel-windows-x86_64 0.1.0 39.00 270.00 309.00 OK
r-patched-linux-x86_64 0.1.0 6.74 251.97 258.71 OK
r-release-linux-x86_64 0.1.0 4.45 244.89 249.34 OK
r-release-macos-arm64 0.1.0 97.00 NOTE
r-release-macos-x86_64 0.1.0 151.00 NOTE
r-release-windows-x86_64 0.1.0 40.00 275.00 315.00 OK
r-oldrel-macos-arm64 0.1.0 90.00 NOTE
r-oldrel-macos-x86_64 0.1.0 105.00 NOTE
r-oldrel-windows-ix86+x86_64 0.1.0 20.00 300.00 320.00 OK

Check Details

Version: 0.1.0
Check: dependencies in R code
Result: NOTE
    Namespace in Imports field not imported from: ‘vtable’
     All declared Imports should be used.
Flavors: r-devel-linux-x86_64-fedora-clang, r-devel-linux-x86_64-fedora-gcc, r-release-macos-arm64, r-release-macos-x86_64, r-oldrel-macos-arm64, r-oldrel-macos-x86_64