CRAN Package Check Results for Package batata

Last updated on 2021-11-28 07:50:37 CET.

Flavor Version Tinstall Tcheck Ttotal Status Flags
r-devel-linux-x86_64-debian-clang 0.2.1 NOTE
r-devel-linux-x86_64-debian-gcc 0.2.1 1.43 20.67 22.10 NOTE
r-devel-linux-x86_64-fedora-clang 0.2.1 47.99 NOTE
r-devel-linux-x86_64-fedora-gcc 0.2.1 37.38 NOTE
r-devel-windows-x86_64-new-UL 0.2.1 7.00 70.00 77.00 NOTE
r-devel-windows-x86_64-new-TK 0.2.1 NOTE
r-devel-windows-x86_64-old 0.2.1 4.00 47.00 51.00 NOTE
r-patched-linux-x86_64 0.2.1 2.52 24.59 27.11 NOTE
r-patched-solaris-x86 0.2.1 53.10 NOTE
r-release-linux-x86_64 0.2.1 2.39 25.15 27.54 NOTE
r-release-macos-arm64 0.2.1 NOTE
r-release-macos-x86_64 0.2.1 NOTE
r-release-windows-ix86+x86_64 0.2.1 5.00 45.00 50.00 NOTE
r-oldrel-macos-x86_64 0.2.1 OK
r-oldrel-windows-ix86+x86_64 0.2.1 5.00 45.00 50.00 OK

Check Details

Version: 0.2.1
Check: LazyData
Result: NOTE
     'LazyData' is specified without a 'data' directory
Flavors: r-devel-linux-x86_64-debian-clang, r-devel-linux-x86_64-debian-gcc, r-devel-linux-x86_64-fedora-clang, r-devel-linux-x86_64-fedora-gcc, r-devel-windows-x86_64-new-UL, r-devel-windows-x86_64-new-TK, r-devel-windows-x86_64-old, r-patched-linux-x86_64, r-patched-solaris-x86, r-release-linux-x86_64, r-release-macos-arm64, r-release-macos-x86_64, r-release-windows-ix86+x86_64