CRAN Package Check Results for Package bastah

Last updated on 2022-07-04 21:49:36 CEST.

Flavor Version Tinstall Tcheck Ttotal Status Flags
r-devel-linux-x86_64-debian-clang 1.0.7 9.55 73.24 82.79 NOTE
r-devel-linux-x86_64-debian-gcc 1.0.7 6.53 56.13 62.66 NOTE
r-devel-linux-x86_64-fedora-clang 1.0.7 108.15 NOTE
r-devel-linux-x86_64-fedora-gcc 1.0.7 108.67 NOTE
r-devel-windows-x86_64 1.0.7 14.00 92.00 106.00 NOTE
r-patched-linux-x86_64 1.0.7 8.03 70.37 78.40 NOTE
r-release-linux-x86_64 1.0.7 9.14 72.43 81.57 NOTE
r-release-macos-arm64 1.0.7 31.00 NOTE
r-release-macos-x86_64 1.0.7 44.00 NOTE
r-release-windows-x86_64 1.0.7 12.00 98.00 110.00 NOTE
r-oldrel-macos-arm64 1.0.7 39.00 NOTE
r-oldrel-macos-x86_64 1.0.7 49.00 NOTE
r-oldrel-windows-ix86+x86_64 1.0.7 20.00 92.00 112.00 NOTE

Check Details

Version: 1.0.7
Check: package dependencies
Result: NOTE
    Package which this enhances but not available for checking: 'rPython'
Flavors: r-devel-linux-x86_64-debian-clang, r-devel-linux-x86_64-debian-gcc, r-devel-linux-x86_64-fedora-clang, r-devel-linux-x86_64-fedora-gcc, r-patched-linux-x86_64, r-release-linux-x86_64, r-release-macos-arm64, r-release-macos-x86_64, r-oldrel-macos-arm64, r-oldrel-macos-x86_64

Version: 1.0.7
Check: package dependencies
Result: NOTE
    Packages which this enhances but not available for checking:
     'doMC', 'rPython'
Flavors: r-devel-windows-x86_64, r-release-windows-x86_64, r-oldrel-windows-ix86+x86_64