CRAN Package Check Results for Package basictabler

Last updated on 2020-01-23 09:51:54 CET.

Flavor Version Tinstall Tcheck Ttotal Status Flags
r-devel-linux-x86_64-debian-clang 0.3.0 17.48 93.69 111.17 OK
r-devel-linux-x86_64-debian-gcc 0.3.0 13.24 69.92 83.16 OK
r-devel-linux-x86_64-fedora-clang 0.3.0 136.51 OK
r-devel-linux-x86_64-fedora-gcc 0.3.0 129.81 OK
r-devel-windows-ix86+x86_64 0.3.0 30.00 153.00 183.00 OK
r-devel-windows-ix86+x86_64-gcc8 0.3.0 40.00 143.00 183.00 OK
r-patched-linux-x86_64 0.3.0 12.83 83.69 96.52 OK
r-patched-solaris-x86 0.3.0 138.00 WARN
r-release-linux-x86_64 0.3.0 16.10 82.83 98.93 OK
r-release-windows-ix86+x86_64 0.3.0 26.00 95.00 121.00 OK
r-release-osx-x86_64 0.3.0 WARN
r-oldrel-windows-ix86+x86_64 0.3.0 19.00 86.00 105.00 OK
r-oldrel-osx-x86_64 0.3.0 WARN

Additional issues

noSuggests

Check Details

Version: 0.3.0
Check: re-building of vignette outputs
Result: WARN
    Error(s) in re-building vignettes:
     ...
    --- re-building ‘v01-introduction.Rmd’ using rmarkdown
    Warning in engine$weave(file, quiet = quiet, encoding = enc) :
     Pandoc (>= 1.12.3) and/or pandoc-citeproc not available. Falling back to R Markdown v1.
    Quitting from lines 46-49 (v01-introduction.Rmd)
    Error: processing vignette 'v01-introduction.Rmd' failed with diagnostics:
    there is no package called 'webshot'
    --- failed re-building ‘v01-introduction.Rmd’
    
    --- re-building ‘v02-workingwithcells.Rmd’ using rmarkdown
    Warning in engine$weave(file, quiet = quiet, encoding = enc) :
     Pandoc (>= 1.12.3) and/or pandoc-citeproc not available. Falling back to R Markdown v1.
    Quitting from lines 54-73 (v02-workingwithcells.Rmd)
    Error: processing vignette 'v02-workingwithcells.Rmd' failed with diagnostics:
    there is no package called 'webshot'
    --- failed re-building ‘v02-workingwithcells.Rmd’
    
    --- re-building ‘v03-outputs.Rmd’ using rmarkdown
    Warning in engine$weave(file, quiet = quiet, encoding = enc) :
     Pandoc (>= 1.12.3) and/or pandoc-citeproc not available. Falling back to R Markdown v1.
    Quitting from lines 42-56 (v03-outputs.Rmd)
    Error: processing vignette 'v03-outputs.Rmd' failed with diagnostics:
    there is no package called 'webshot'
    --- failed re-building ‘v03-outputs.Rmd’
    
    --- re-building ‘v04-styling.Rmd’ using rmarkdown
    Warning in engine$weave(file, quiet = quiet, encoding = enc) :
     Pandoc (>= 1.12.3) and/or pandoc-citeproc not available. Falling back to R Markdown v1.
    Quitting from lines 97-114 (v04-styling.Rmd)
    Error: processing vignette 'v04-styling.Rmd' failed with diagnostics:
    there is no package called 'webshot'
    --- failed re-building ‘v04-styling.Rmd’
    
    --- re-building ‘v05-findingandformatting.Rmd’ using rmarkdown
    Warning in engine$weave(file, quiet = quiet, encoding = enc) :
     Pandoc (>= 1.12.3) and/or pandoc-citeproc not available. Falling back to R Markdown v1.
    
    Attaching package: 'dplyr'
    
    The following objects are masked from 'package:stats':
    
     filter, lag
    
    The following objects are masked from 'package:base':
    
     intersect, setdiff, setequal, union
    
    Quitting from lines 32-55 (v05-findingandformatting.Rmd)
    Error: processing vignette 'v05-findingandformatting.Rmd' failed with diagnostics:
    there is no package called 'webshot'
    --- failed re-building ‘v05-findingandformatting.Rmd’
    
    --- re-building ‘v06-shiny.Rmd’ using rmarkdown
    Warning in engine$weave(file, quiet = quiet, encoding = enc) :
     Pandoc (>= 1.12.3) and/or pandoc-citeproc not available. Falling back to R Markdown v1.
    --- finished re-building ‘v06-shiny.Rmd’
    
    --- re-building ‘v07-excelexport.Rmd’ using rmarkdown
    Warning in engine$weave(file, quiet = quiet, encoding = enc) :
     Pandoc (>= 1.12.3) and/or pandoc-citeproc not available. Falling back to R Markdown v1.
    --- finished re-building ‘v07-excelexport.Rmd’
    
    SUMMARY: processing the following files failed:
     ‘v01-introduction.Rmd’ ‘v02-workingwithcells.Rmd’ ‘v03-outputs.Rmd’
     ‘v04-styling.Rmd’ ‘v05-findingandformatting.Rmd’
    
    Error: Vignette re-building failed.
    Execution halted
Flavor: r-patched-solaris-x86

Version: 0.3.0
Check: re-building of vignette outputs
Result: WARN
    Error(s) in re-building vignettes:
    --- re-building ‘v01-introduction.Rmd’ using rmarkdown
    Warning in engine$weave(file, quiet = quiet, encoding = enc) :
     Pandoc (>= 1.12.3) and/or pandoc-citeproc not available. Falling back to R Markdown v1.
    PhantomJS not found. You can install it with webshot::install_phantomjs(). If it is installed, please make sure the phantomjs executable can be found via the PATH variable.
    Quitting from lines 46-49 (v01-introduction.Rmd)
    Error: processing vignette 'v01-introduction.Rmd' failed with diagnostics:
    cannot open the connection
    --- failed re-building ‘v01-introduction.Rmd’
    
    --- re-building ‘v02-workingwithcells.Rmd’ using rmarkdown
    Warning in engine$weave(file, quiet = quiet, encoding = enc) :
     Pandoc (>= 1.12.3) and/or pandoc-citeproc not available. Falling back to R Markdown v1.
    PhantomJS not found. You can install it with webshot::install_phantomjs(). If it is installed, please make sure the phantomjs executable can be found via the PATH variable.
    Warning in normalizePath(f2) :
     path[1]="webshot25b37480c8a1.png": No such file or directory
    Warning in file(con, "rb") :
     cannot open file 'webshot25b37480c8a1.png': No such file or directory
    Quitting from lines 54-73 (v02-workingwithcells.Rmd)
    Error: processing vignette 'v02-workingwithcells.Rmd' failed with diagnostics:
    cannot open the connection
    --- failed re-building ‘v02-workingwithcells.Rmd’
    
    --- re-building ‘v03-outputs.Rmd’ using rmarkdown
    Warning in engine$weave(file, quiet = quiet, encoding = enc) :
     Pandoc (>= 1.12.3) and/or pandoc-citeproc not available. Falling back to R Markdown v1.
    PhantomJS not found. You can install it with webshot::install_phantomjs(). If it is installed, please make sure the phantomjs executable can be found via the PATH variable.
    Warning in normalizePath(f2) :
     path[1]="webshot25f83ffa3790.png": No such file or directory
    Warning in file(con, "rb") :
     cannot open file 'webshot25f83ffa3790.png': No such file or directory
    Quitting from lines 42-56 (v03-outputs.Rmd)
    Error: processing vignette 'v03-outputs.Rmd' failed with diagnostics:
    cannot open the connection
    --- failed re-building ‘v03-outputs.Rmd’
    
    --- re-building ‘v04-styling.Rmd’ using rmarkdown
    Warning in engine$weave(file, quiet = quiet, encoding = enc) :
     Pandoc (>= 1.12.3) and/or pandoc-citeproc not available. Falling back to R Markdown v1.
    PhantomJS not found. You can install it with webshot::install_phantomjs(). If it is installed, please make sure the phantomjs executable can be found via the PATH variable.
    Warning in normalizePath(f2) :
     path[1]="webshot26c44e7bd91b.png": No such file or directory
    Warning in file(con, "rb") :
     cannot open file 'webshot26c44e7bd91b.png': No such file or directory
    Quitting from lines 97-114 (v04-styling.Rmd)
    Error: processing vignette 'v04-styling.Rmd' failed with diagnostics:
    cannot open the connection
    --- failed re-building ‘v04-styling.Rmd’
    
    --- re-building ‘v05-findingandformatting.Rmd’ using rmarkdown
    Warning in engine$weave(file, quiet = quiet, encoding = enc) :
     Pandoc (>= 1.12.3) and/or pandoc-citeproc not available. Falling back to R Markdown v1.
    
    Attaching package: 'dplyr'
    
    The following objects are masked from 'package:stats':
    
     filter, lag
    
    The following objects are masked from 'package:base':
    
     intersect, setdiff, setequal, union
    
    PhantomJS not found. You can install it with webshot::install_phantomjs(). If it is installed, please make sure the phantomjs executable can be found via the PATH variable.
    Warning in normalizePath(f2) :
     path[1]="webshot27292c659d4f.png": No such file or directory
    Warning in file(con, "rb") :
     cannot open file 'webshot27292c659d4f.png': No such file or directory
    Quitting from lines 32-55 (v05-findingandformatting.Rmd)
    Error: processing vignette 'v05-findingandformatting.Rmd' failed with diagnostics:
    cannot open the connection
    --- failed re-building ‘v05-findingandformatting.Rmd’
    
    --- re-building ‘v06-shiny.Rmd’ using rmarkdown
    Warning in engine$weave(file, quiet = quiet, encoding = enc) :
     Pandoc (>= 1.12.3) and/or pandoc-citeproc not available. Falling back to R Markdown v1.
    --- finished re-building ‘v06-shiny.Rmd’
    
    --- re-building ‘v07-excelexport.Rmd’ using rmarkdown
    Warning in engine$weave(file, quiet = quiet, encoding = enc) :
     Pandoc (>= 1.12.3) and/or pandoc-citeproc not available. Falling back to R Markdown v1.
    --- finished re-building ‘v07-excelexport.Rmd’
    
    SUMMARY: processing the following files failed:
     ‘v01-introduction.Rmd’ ‘v02-workingwithcells.Rmd’ ‘v03-outputs.Rmd’
     ‘v04-styling.Rmd’ ‘v05-findingandformatting.Rmd’
    
    Error: Vignette re-building failed.
    Execution halted
Flavor: r-release-osx-x86_64

Version: 0.3.0
Check: re-building of vignette outputs
Result: WARN
    Error in re-building vignettes:
     ...
    Warning in engine$weave(file, quiet = quiet, encoding = enc) :
     Pandoc (>= 1.12.3) and/or pandoc-citeproc not available. Falling back to R Markdown v1.
    PhantomJS not found. You can install it with webshot::install_phantomjs(). If it is installed, please make sure the phantomjs executable can be found via the PATH variable.
    Quitting from lines 46-49 (v01-introduction.Rmd)
    Error: processing vignette 'v01-introduction.Rmd' failed with diagnostics:
    cannot open the connection
    Execution halted
Flavor: r-oldrel-osx-x86_64