CRAN Package Check Results for Package basad

Last updated on 2020-11-26 20:51:33 CET.

Flavor Version Tinstall Tcheck Ttotal Status Flags
r-devel-linux-x86_64-debian-clang 0.2.0 75.68 29.49 105.17 OK
r-devel-linux-x86_64-debian-gcc 0.2.0 111.03 24.65 135.68 OK
r-devel-linux-x86_64-fedora-clang 0.2.0 150.02 NOTE
r-devel-linux-x86_64-fedora-gcc 0.2.0 134.77 OK
r-devel-windows-ix86+x86_64 0.2.0 147.00 76.00 223.00 OK
r-patched-linux-x86_64 0.2.0 126.63 30.74 157.37 OK
r-patched-solaris-x86 0.2.0 111.30 OK
r-release-linux-x86_64 0.2.0 115.87 29.07 144.94 OK
r-release-macos-x86_64 0.2.0 NOTE
r-release-windows-ix86+x86_64 0.2.0 150.00 85.00 235.00 OK
r-oldrel-macos-x86_64 0.2.0 NOTE
r-oldrel-windows-ix86+x86_64 0.2.0 127.00 60.00 187.00 OK

Check Details

Version: 0.2.0
Check: installed package size
Result: NOTE
     installed size is 14.0Mb
     sub-directories of 1Mb or more:
     libs 13.9Mb
Flavors: r-devel-linux-x86_64-fedora-clang, r-release-macos-x86_64, r-oldrel-macos-x86_64