CRAN Package Check Results for Package banxicoR

Last updated on 2024-03-04 07:48:22 CET.

Flavor Version Tinstall Tcheck Ttotal Status Flags
r-devel-linux-x86_64-debian-clang 0.9.0 3.66 37.25 40.91 OK
r-devel-linux-x86_64-debian-gcc 0.9.0 2.24 28.55 30.79 OK
r-devel-linux-x86_64-fedora-clang 0.9.0 49.99 NOTE
r-devel-linux-x86_64-fedora-gcc 0.9.0 50.90 NOTE
r-devel-windows-x86_64 0.9.0 6.00 49.00 55.00 OK
r-patched-linux-x86_64 0.9.0 3.04 36.01 39.05 OK
r-release-linux-x86_64 0.9.0 3.27 36.50 39.77 OK
r-release-macos-arm64 0.9.0 21.00 OK
r-release-macos-x86_64 0.9.0 23.00 OK
r-release-windows-x86_64 0.9.0 6.00 52.00 58.00 OK
r-oldrel-macos-arm64 0.9.0 18.00 NOTE
r-oldrel-windows-x86_64 0.9.0 6.00 59.00 65.00 OK

Check Details

Version: 0.9.0
Check: data for non-ASCII characters
Result: NOTE Note: found 148 marked UTF-8 strings Flavors: r-devel-linux-x86_64-fedora-clang, r-devel-linux-x86_64-fedora-gcc, r-oldrel-macos-arm64