CRAN Package Check Results for Package backbone

Last updated on 2020-07-14 09:50:18 CEST.

Flavor Version Tinstall Tcheck Ttotal Status Flags
r-devel-linux-x86_64-debian-clang 1.2.1 18.46 144.96 163.42 OK
r-devel-linux-x86_64-debian-gcc 1.2.1 13.84 106.54 120.38 OK
r-devel-linux-x86_64-fedora-clang 1.2.1 200.83 NOTE
r-devel-linux-x86_64-fedora-gcc 1.2.1 189.40 OK
r-devel-windows-ix86+x86_64 1.2.1 57.00 326.00 383.00 OK
r-patched-linux-x86_64 1.2.1 16.64 142.06 158.70 OK
r-patched-solaris-x86 1.2.1 208.40 OK
r-release-linux-x86_64 1.2.1 15.49 144.12 159.61 OK
r-release-macos-x86_64 1.2.1 ERROR
r-release-windows-ix86+x86_64 1.2.1 50.00 331.00 381.00 OK
r-oldrel-macos-x86_64 1.2.1 OK
r-oldrel-windows-ix86+x86_64 1.2.1 44.00 301.00 345.00 OK

Check Details

Version: 1.2.1
Check: Rd cross-references
Result: NOTE
    Undeclared package ‘poibin’ in Rd xrefs
Flavor: r-devel-linux-x86_64-fedora-clang

Version: 1.2.1
Check: whether package can be installed
Result: ERROR
    Installation failed.
Flavor: r-release-macos-x86_64