CRAN Package Check Results for Package bWGR

Last updated on 2021-09-20 08:50:05 CEST.

Flavor Version Tinstall Tcheck Ttotal Status Flags
r-devel-linux-x86_64-debian-clang 1.6.6 41.84 36.43 78.27 OK
r-devel-linux-x86_64-debian-gcc 1.6.6 29.46 28.20 57.66 OK
r-devel-linux-x86_64-fedora-clang 1.6.6 124.53 NOTE
r-devel-linux-x86_64-fedora-gcc 1.6.6 93.80 OK
r-devel-windows-x86_64 1.6.6 38.00 47.00 85.00 OK
r-devel-windows-x86_64-gcc10-UCRT 1.6.6 ERROR
r-patched-linux-x86_64 1.6.6 33.02 36.38 69.40 OK
r-patched-solaris-x86 1.6.6 108.70 OK
r-release-linux-x86_64 1.6.6 32.74 36.57 69.31 OK
r-release-macos-arm64 1.6.6 NOTE
r-release-macos-x86_64 1.6.6 OK
r-release-windows-ix86+x86_64 1.6.6 85.00 75.00 160.00 OK
r-oldrel-macos-x86_64 1.6.6 OK
r-oldrel-windows-ix86+x86_64 1.6.6 85.00 59.00 144.00 OK

Check Details

Version: 1.6.6
Check: installed package size
Result: NOTE
     installed size is 5.6Mb
     sub-directories of 1Mb or more:
     libs 5.4Mb
Flavors: r-devel-linux-x86_64-fedora-clang, r-release-macos-arm64

Version: 1.6.6
Check: whether package can be installed
Result: ERROR
    Installation failed.
Flavor: r-devel-windows-x86_64-gcc10-UCRT