CRAN Package Check Results for Package av

Last updated on 2021-11-29 07:51:03 CET.

Flavor Version Tinstall Tcheck Ttotal Status Flags
r-devel-linux-x86_64-debian-clang 0.6.0 OK
r-devel-linux-x86_64-debian-gcc 0.6.0 3.93 52.03 55.96 OK
r-devel-linux-x86_64-fedora-clang 0.6.0 102.59 OK
r-devel-linux-x86_64-fedora-gcc 0.6.0 85.68 OK
r-devel-windows-x86_64-new-UL 0.6.0 37.00 241.00 278.00 NOTE
r-devel-windows-x86_64-new-TK 0.6.0 OK
r-devel-windows-x86_64-old 0.6.0 25.00 164.00 189.00 NOTE
r-patched-linux-x86_64 0.6.0 5.35 67.27 72.62 OK
r-release-linux-x86_64 0.6.0 5.09 67.06 72.15 OK
r-release-macos-arm64 0.6.0 NOTE
r-release-macos-x86_64 0.6.0 NOTE
r-release-windows-ix86+x86_64 0.6.0 43.00 262.00 305.00 NOTE
r-oldrel-macos-x86_64 0.6.0 NOTE
r-oldrel-windows-ix86+x86_64 0.6.0 36.00 296.00 332.00 NOTE

Additional issues

rchk

Check Details

Version: 0.6.0
Check: installed package size
Result: NOTE
     installed size is 28.6Mb
     sub-directories of 1Mb or more:
     libs 27.8Mb
Flavors: r-devel-windows-x86_64-new-UL, r-devel-windows-x86_64-old, r-release-macos-arm64, r-release-macos-x86_64, r-release-windows-ix86+x86_64, r-oldrel-macos-x86_64, r-oldrel-windows-ix86+x86_64