CRAN Package Check Results for Package autostats

Last updated on 2022-07-02 21:52:09 CEST.

Flavor Version Tinstall Tcheck Ttotal Status Flags
r-devel-linux-x86_64-debian-clang 0.3.0 3.90 127.57 131.47 OK
r-devel-linux-x86_64-debian-gcc 0.3.0 3.92 87.13 91.05 OK
r-devel-linux-x86_64-fedora-clang 0.3.0 151.73 WARN
r-devel-linux-x86_64-fedora-gcc 0.3.0 143.55 WARN
r-devel-windows-x86_64 0.3.0 86.00 186.00 272.00 OK
r-patched-linux-x86_64 0.3.0 5.30 109.04 114.34 OK
r-release-linux-x86_64 0.3.0 4.56 108.46 113.02 OK
r-release-macos-arm64 0.3.0 47.00 NOTE
r-release-macos-x86_64 0.3.0 83.00 NOTE
r-release-windows-x86_64 0.3.0 106.00 165.00 271.00 OK
r-oldrel-macos-arm64 0.3.0 54.00 NOTE
r-oldrel-macos-x86_64 0.3.0 68.00 NOTE
r-oldrel-windows-ix86+x86_64 0.3.0 13.00 142.00 155.00 OK

Check Details

Version: 0.3.0
Check: package dependencies
Result: WARN
    Imports includes 44 non-default packages.
    Importing from so many packages makes the package vulnerable to any of
    them becoming unavailable. Move as many as possible to Suggests and
    use conditionally.
    
    Requires orphaned package: ‘gtools’
Flavor: r-devel-linux-x86_64-fedora-clang

Version: 0.3.0
Check: dependencies in R code
Result: NOTE
    Namespaces in Imports field not imported from:
     ‘BBmisc’ ‘Ckmeans.1d.dp’ ‘Matrix’ ‘broom.mixed’ ‘ggstance’ ‘glmnet’
     ‘hardhat’
     All declared Imports should be used.
Flavors: r-devel-linux-x86_64-fedora-clang, r-devel-linux-x86_64-fedora-gcc, r-release-macos-arm64, r-release-macos-x86_64, r-oldrel-macos-arm64, r-oldrel-macos-x86_64

Version: 0.3.0
Check: package dependencies
Result: WARN
    Requires orphaned package: ‘gtools’
Flavor: r-devel-linux-x86_64-fedora-gcc