CRAN Package Check Results for Package automl

Last updated on 2021-11-26 19:52:43 CET.

Flavor Version Tinstall Tcheck Ttotal Status Flags
r-devel-linux-x86_64-debian-clang 1.3.2 4.43 42.31 46.74 NOTE
r-devel-linux-x86_64-debian-gcc 1.3.2 3.79 31.62 35.41 NOTE
r-devel-linux-x86_64-fedora-clang 1.3.2 66.98 NOTE
r-devel-linux-x86_64-fedora-gcc 1.3.2 55.51 NOTE
r-devel-windows-x86_64-new-UL 1.3.2 10.00 78.00 88.00 NOTE
r-devel-windows-x86_64-new-TK 1.3.2 NOTE
r-devel-windows-x86_64-old 1.3.2 8.00 60.00 68.00 NOTE
r-patched-linux-x86_64 1.3.2 5.29 39.81 45.10 NOTE
r-patched-solaris-x86 1.3.2 79.00 NOTE
r-release-linux-x86_64 1.3.2 NOTE
r-release-macos-arm64 1.3.2 NOTE
r-release-macos-x86_64 1.3.2 NOTE
r-release-windows-ix86+x86_64 1.3.2 9.00 55.00 64.00 NOTE
r-oldrel-macos-x86_64 1.3.2 OK
r-oldrel-windows-ix86+x86_64 1.3.2 10.00 55.00 65.00 OK

Check Details

Version: 1.3.2
Check: LazyData
Result: NOTE
     'LazyData' is specified without a 'data' directory
Flavors: r-devel-linux-x86_64-debian-clang, r-devel-linux-x86_64-debian-gcc, r-devel-linux-x86_64-fedora-clang, r-devel-linux-x86_64-fedora-gcc, r-devel-windows-x86_64-new-UL, r-devel-windows-x86_64-new-TK, r-devel-windows-x86_64-old, r-patched-linux-x86_64, r-patched-solaris-x86, r-release-linux-x86_64, r-release-macos-arm64, r-release-macos-x86_64, r-release-windows-ix86+x86_64