CRAN Package Check Results for Package autokeras

Last updated on 2023-06-05 21:59:00 CEST.

Flavor Version Tinstall Tcheck Ttotal Status Flags
r-devel-linux-x86_64-debian-clang 1.0.12 9.73 86.24 95.97 NOTE
r-devel-linux-x86_64-debian-gcc 1.0.12 8.26 67.38 75.64 NOTE
r-devel-linux-x86_64-fedora-clang 1.0.12 121.31 NOTE
r-devel-linux-x86_64-fedora-gcc 1.0.12 115.77 NOTE
r-devel-windows-x86_64 1.0.12 9.00 90.00 99.00 NOTE
r-patched-linux-x86_64 1.0.12 6.92 82.08 89.00 NOTE
r-release-linux-x86_64 1.0.12 9.05 82.28 91.33 NOTE
r-release-macos-arm64 1.0.12 35.00 NOTE
r-release-macos-x86_64 1.0.12 59.00 NOTE
r-release-windows-x86_64 1.0.12 11.00 97.00 108.00 NOTE
r-oldrel-macos-arm64 1.0.12 33.00 NOTE
r-oldrel-macos-x86_64 1.0.12 50.00 NOTE
r-oldrel-windows-x86_64 1.0.12 12.00 95.00 107.00 NOTE

Check Details

Version: 1.0.12
Check: LazyData
Result: NOTE
     'LazyData' is specified without a 'data' directory
Flavors: r-devel-linux-x86_64-debian-clang, r-devel-linux-x86_64-debian-gcc, r-devel-linux-x86_64-fedora-clang, r-devel-linux-x86_64-fedora-gcc, r-devel-windows-x86_64, r-patched-linux-x86_64, r-release-linux-x86_64, r-release-macos-arm64, r-release-macos-x86_64, r-release-windows-x86_64, r-oldrel-macos-arm64, r-oldrel-macos-x86_64, r-oldrel-windows-x86_64

Version: 1.0.12
Check: Rd cross-references
Result: NOTE
    Undeclared package ‘tensorflow’ in Rd xrefs
Flavor: r-devel-linux-x86_64-fedora-clang