CRAN Package Check Results for Package autoTS

Last updated on 2021-09-23 20:52:08 CEST.

Flavor Version Tinstall Tcheck Ttotal Status Flags
r-devel-linux-x86_64-debian-clang 0.9.11 2.83 76.05 78.88 NOTE
r-devel-linux-x86_64-debian-gcc 0.9.11 2.43 56.76 59.19 NOTE
r-devel-linux-x86_64-fedora-clang 0.9.11 101.30 NOTE
r-devel-linux-x86_64-fedora-gcc 0.9.11 90.59 NOTE
r-devel-windows-x86_64 0.9.11 5.00 76.00 81.00 NOTE
r-devel-windows-x86_64-gcc10-UCRT 0.9.11 NOTE
r-patched-linux-x86_64 0.9.11 3.03 72.44 75.47 NOTE
r-patched-solaris-x86 0.9.11 134.10 NOTE
r-release-linux-x86_64 0.9.11 3.09 70.76 73.85 NOTE
r-release-macos-arm64 0.9.11 NOTE
r-release-macos-x86_64 0.9.11 NOTE
r-release-windows-ix86+x86_64 0.9.11 8.00 96.00 104.00 NOTE
r-oldrel-macos-x86_64 0.9.11 NOTE
r-oldrel-windows-ix86+x86_64 0.9.11 6.00 68.00 74.00 OK

Check Details

Version: 0.9.11
Check: LazyData
Result: NOTE
     'LazyData' is specified without a 'data' directory
Flavors: r-devel-linux-x86_64-debian-clang, r-devel-linux-x86_64-debian-gcc, r-devel-linux-x86_64-fedora-clang, r-devel-linux-x86_64-fedora-gcc, r-devel-windows-x86_64, r-devel-windows-x86_64-gcc10-UCRT, r-patched-linux-x86_64, r-patched-solaris-x86, r-release-linux-x86_64, r-release-macos-arm64, r-release-macos-x86_64, r-release-windows-ix86+x86_64

Version: 0.9.11
Check: dependencies in R code
Result: NOTE
    Namespaces in Imports field not imported from:
     ‘plotly’ ‘shinycssloaders’
     All declared Imports should be used.
Flavors: r-devel-linux-x86_64-fedora-clang, r-devel-linux-x86_64-fedora-gcc, r-devel-windows-x86_64-gcc10-UCRT, r-patched-solaris-x86, r-release-macos-arm64, r-release-macos-x86_64, r-oldrel-macos-x86_64