CRAN Package Check Results for Package auk

Last updated on 2019-08-21 10:47:22 CEST.

Flavor Version Tinstall Tcheck Ttotal Status Flags
r-devel-linux-x86_64-debian-clang 0.3.3 4.99 64.84 69.83 OK
r-devel-linux-x86_64-debian-gcc 0.3.3 4.59 51.47 56.06 OK
r-devel-linux-x86_64-fedora-clang 0.3.3 85.43 NOTE
r-devel-linux-x86_64-fedora-gcc 0.3.3 82.24 NOTE
r-devel-windows-ix86+x86_64 0.3.3 11.00 135.00 146.00 OK
r-patched-linux-x86_64 0.3.3 4.63 64.36 68.99 OK
r-patched-solaris-x86 0.3.3 116.00 NOTE
r-release-linux-x86_64 0.3.3 4.37 63.44 67.81 OK
r-release-windows-ix86+x86_64 0.3.3 10.00 86.00 96.00 OK
r-release-osx-x86_64 0.3.3 NOTE
r-oldrel-windows-ix86+x86_64 0.3.3 11.00 124.00 135.00 OK
r-oldrel-osx-x86_64 0.3.3 NOTE

Check Details

Version: 0.3.3
Check: data for non-ASCII characters
Result: NOTE
     Note: found 552 marked UTF-8 strings
Flavors: r-devel-linux-x86_64-fedora-clang, r-devel-linux-x86_64-fedora-gcc, r-patched-solaris-x86, r-release-osx-x86_64, r-oldrel-osx-x86_64