CRAN Package Check Results for Package auk

Last updated on 2019-12-07 08:49:19 CET.

Flavor Version Tinstall Tcheck Ttotal Status Flags
r-devel-linux-x86_64-debian-clang 0.4.0 5.31 71.52 76.83 OK
r-devel-linux-x86_64-debian-gcc 0.4.0 4.35 56.97 61.32 OK
r-devel-linux-x86_64-fedora-clang 0.4.0 87.69 NOTE
r-devel-linux-x86_64-fedora-gcc 0.4.0 88.50 NOTE
r-devel-windows-ix86+x86_64 0.4.0 10.00 139.00 149.00 OK
r-devel-windows-ix86+x86_64-gcc8 0.4.0 13.00 99.00 112.00 OK
r-patched-linux-x86_64 0.4.0 4.37 66.09 70.46 OK
r-patched-solaris-x86 0.4.0 163.80 NOTE
r-release-linux-x86_64 0.4.0 3.97 66.46 70.43 OK
r-release-windows-ix86+x86_64 0.4.0 9.00 94.00 103.00 OK
r-release-osx-x86_64 0.4.0 NOTE
r-oldrel-windows-ix86+x86_64 0.4.0 8.00 141.00 149.00 OK
r-oldrel-osx-x86_64 0.4.0 NOTE

Check Details

Version: 0.4.0
Check: data for non-ASCII characters
Result: NOTE
     Note: found 552 marked UTF-8 strings
Flavors: r-devel-linux-x86_64-fedora-clang, r-devel-linux-x86_64-fedora-gcc, r-patched-solaris-x86, r-release-osx-x86_64, r-oldrel-osx-x86_64