CRAN Package Check Results for Package audubon

Last updated on 2024-02-27 19:54:31 CET.

Flavor Version Tinstall Tcheck Ttotal Status Flags
r-devel-linux-x86_64-debian-clang 0.5.1 4.47 58.59 63.06 OK
r-devel-linux-x86_64-debian-gcc 0.5.1 3.82 44.19 48.01 OK
r-devel-linux-x86_64-fedora-clang 0.5.1 81.25 NOTE
r-devel-linux-x86_64-fedora-gcc 0.5.1 75.32 NOTE
r-devel-windows-x86_64 0.5.1 5.00 65.00 70.00 OK
r-patched-linux-x86_64 0.5.1 4.55 55.76 60.31 OK
r-release-linux-x86_64 0.5.1 5.05 55.89 60.94 OK
r-release-macos-arm64 0.5.1 28.00 OK
r-release-macos-x86_64 0.5.1 53.00 OK
r-release-windows-x86_64 0.5.1 6.00 72.00 78.00 OK
r-oldrel-macos-arm64 0.5.1 54.00 OK
r-oldrel-windows-x86_64 0.5.1 8.00 75.00 83.00 OK

Check Details

Version: 0.5.1
Check: data for non-ASCII characters
Result: NOTE Note: found 54582 marked UTF-8 strings Flavors: r-devel-linux-x86_64-fedora-clang, r-devel-linux-x86_64-fedora-gcc