CRAN Package Check Results for Package audiolyzR

Last updated on 2021-09-21 08:49:29 CEST.

Flavor Version Tinstall Tcheck Ttotal Status Flags
r-devel-linux-x86_64-debian-clang 0.4-9 2.82 28.68 31.50 NOTE
r-devel-linux-x86_64-debian-gcc 0.4-9 2.26 22.50 24.76 NOTE
r-devel-linux-x86_64-fedora-clang 0.4-9 47.15 NOTE
r-devel-linux-x86_64-fedora-gcc 0.4-9 36.77 NOTE
r-devel-windows-x86_64 0.4-9 5.00 38.00 43.00 NOTE
r-devel-windows-x86_64-gcc10-UCRT 0.4-9 ERROR
r-patched-linux-x86_64 0.4-9 2.73 28.31 31.04 NOTE
r-patched-solaris-x86 0.4-9 61.50 NOTE
r-release-linux-x86_64 0.4-9 2.62 28.47 31.09 NOTE
r-release-macos-arm64 0.4-9 NOTE
r-release-macos-x86_64 0.4-9 NOTE
r-release-windows-ix86+x86_64 0.4-9 7.00 48.00 55.00 NOTE
r-oldrel-macos-x86_64 0.4-9 NOTE
r-oldrel-windows-ix86+x86_64 0.4-9 7.00 50.00 57.00 NOTE

Check Details

Version: 0.4-9
Check: DESCRIPTION meta-information
Result: NOTE
    Malformed Description field: should contain one or more complete sentences.
Flavors: r-devel-linux-x86_64-debian-clang, r-devel-linux-x86_64-debian-gcc, r-devel-linux-x86_64-fedora-clang, r-devel-linux-x86_64-fedora-gcc, r-devel-windows-x86_64, r-devel-windows-x86_64-gcc10-UCRT, r-patched-linux-x86_64, r-patched-solaris-x86, r-release-linux-x86_64, r-release-macos-arm64, r-release-macos-x86_64, r-release-windows-ix86+x86_64, r-oldrel-macos-x86_64, r-oldrel-windows-ix86+x86_64

Version: 0.4-9
Check: dependencies in R code
Result: NOTE
    Packages in Depends field not imported from:
     'RJSONIO' 'hexbin' 'plotrix'
     These packages need to be imported from (in the NAMESPACE file)
     for when this namespace is loaded but not attached.
Flavors: r-devel-linux-x86_64-debian-clang, r-devel-linux-x86_64-debian-gcc, r-devel-linux-x86_64-fedora-clang, r-devel-linux-x86_64-fedora-gcc, r-devel-windows-x86_64, r-devel-windows-x86_64-gcc10-UCRT, r-patched-linux-x86_64, r-patched-solaris-x86, r-release-linux-x86_64, r-release-macos-arm64, r-release-macos-x86_64, r-release-windows-ix86+x86_64, r-oldrel-macos-x86_64, r-oldrel-windows-ix86+x86_64

Version: 0.4-9
Check: R code for possible problems
Result: NOTE
    audioHist: no visible global function definition for 'hist'
    audioHist: no visible global function definition for 'rescale'
    audioHist: no visible global function definition for 'toJSON'
    audioScatter: no visible binding for global variable 'formula'
    audioScatter: no visible global function definition for 'hexbinplot'
    audioScatter: no visible global function definition for 'cor'
    audioScatter: no visible global function definition for 'toJSON'
    audioSplom: no visible global function definition for 'hexplom'
    audioSplom: no visible binding for global variable 'BTY'
    audioSplom: no visible binding for global variable 'panel.hexboxplot'
    audioSplom: no visible global function definition for 'combn'
    audioSplom : <anonymous>: no visible global function definition for
     'cor'
    audioSplom : <anonymous>: no visible global function definition for
     'toJSON'
    audiolyzRcheck: no visible global function definition for
     'download.file'
    audiolyzRcheck: no visible global function definition for 'unzip'
    matricize: no visible global function definition for 'hexbin'
    panel.audiolyzR: no visible global function definition for
     'panel.hexbinplot'
    Undefined global functions or variables:
     BTY combn cor download.file formula hexbin hexbinplot hexplom hist
     panel.hexbinplot panel.hexboxplot rescale toJSON unzip
    Consider adding
     importFrom("graphics", "hist")
     importFrom("stats", "cor", "formula")
     importFrom("utils", "combn", "download.file", "unzip")
    to your NAMESPACE file.
Flavors: r-devel-linux-x86_64-debian-clang, r-devel-linux-x86_64-debian-gcc, r-devel-linux-x86_64-fedora-clang, r-devel-linux-x86_64-fedora-gcc, r-devel-windows-x86_64, r-devel-windows-x86_64-gcc10-UCRT, r-patched-linux-x86_64, r-patched-solaris-x86, r-release-linux-x86_64, r-release-macos-arm64, r-release-macos-x86_64, r-release-windows-ix86+x86_64, r-oldrel-macos-x86_64, r-oldrel-windows-ix86+x86_64

Version: 0.4-9
Check: whether package can be installed
Result: WARN
    Found the following significant warnings:
     WARNING: installation-time patches will not be applied, could not get the patches index
Flavor: r-devel-windows-x86_64-gcc10-UCRT

Version: 0.4-9
Check: PDF version of manual
Result: WARN
    LaTeX errors when creating PDF version.
    This typically indicates Rd problems.
Flavor: r-devel-windows-x86_64-gcc10-UCRT

Version: 0.4-9
Check: PDF version of manual without hyperrefs or index
Result: ERROR
    Re-running with no redirection of stdout/stderr.
Flavor: r-devel-windows-x86_64-gcc10-UCRT