CRAN Package Check Results for Package attrib

Last updated on 2024-02-29 19:12:14 CET.

Flavor Version Tinstall Tcheck Ttotal Status Flags
r-devel-linux-x86_64-debian-clang 2021.1.2 3.06 178.17 181.23 OK
r-devel-linux-x86_64-debian-gcc 2021.1.2 2.41 166.01 168.42 OK
r-devel-linux-x86_64-fedora-clang 2021.1.2 231.86 NOTE
r-devel-linux-x86_64-fedora-gcc 2021.1.2 257.97 NOTE
r-devel-windows-x86_64 2021.1.2 5.00 162.00 167.00 OK
r-patched-linux-x86_64 2021.1.2 3.46 207.85 211.31 OK
r-release-linux-x86_64 2021.1.2 2.95 205.92 208.87 OK
r-release-macos-arm64 2021.1.2 100.00 OK
r-release-macos-x86_64 2021.1.2 150.00 OK
r-release-windows-x86_64 2021.1.2 6.00 229.00 235.00 OK
r-oldrel-macos-arm64 2021.1.2 78.00 NOTE
r-oldrel-windows-x86_64 2021.1.2 6.00 217.00 223.00 OK

Check Details

Version: 2021.1.2
Check: dependencies in R code
Result: NOTE Namespaces in Imports field not imported from: ‘dlnm’ ‘ggplot2’ ‘mvmeta’ ‘pbs’ ‘tsModel’ All declared Imports should be used. Flavors: r-devel-linux-x86_64-fedora-clang, r-devel-linux-x86_64-fedora-gcc

Version: 2021.1.2
Check: dependencies in R code
Result: NOTE Namespaces in Imports field not imported from: ‘dlnm’ ‘ggplot2’ ‘lubridate’ ‘mvmeta’ ‘pbs’ ‘tsModel’ All declared Imports should be used. Flavor: r-oldrel-macos-arm64