Last updated on 2023-12-10 19:49:05 CET.
Flavor | Version | Tinstall | Tcheck | Ttotal | Status | Flags |
---|---|---|---|---|---|---|
r-devel-linux-x86_64-debian-clang | 0.4.0 | 5.27 | 99.88 | 105.15 | NOTE | |
r-devel-linux-x86_64-debian-gcc | 0.4.0 | 4.03 | 76.47 | 80.50 | NOTE | |
r-devel-linux-x86_64-fedora-clang | 0.4.0 | 136.13 | OK | |||
r-devel-linux-x86_64-fedora-gcc | 0.4.0 | 144.47 | OK | |||
r-devel-windows-x86_64 | 0.4.0 | 7.00 | 105.00 | 112.00 | OK | |
r-patched-linux-x86_64 | 0.4.0 | 4.20 | 95.81 | 100.01 | OK | |
r-release-linux-x86_64 | 0.4.0 | 5.56 | 97.90 | 103.46 | OK | |
r-release-macos-arm64 | 0.4.0 | 55.00 | OK | |||
r-release-macos-x86_64 | 0.4.0 | 98.00 | OK | |||
r-release-windows-x86_64 | 0.4.0 | 7.00 | 119.00 | 126.00 | OK | |
r-oldrel-macos-arm64 | 0.4.0 | 50.00 | OK | |||
r-oldrel-macos-x86_64 | 0.4.0 | 65.00 | OK | |||
r-oldrel-windows-x86_64 | 0.4.0 | 7.00 | 133.00 | 140.00 | OK |
Version: 0.4.0
Check: Rd files
Result: NOTE
checkRd: (-1) att_from_rmds.Rd:42: Lost braces; missing escapes or markup?
42 | {knitr} and {rmarkdown} are added by default to allow building the vignettes
| ^
checkRd: (-1) att_from_rmds.Rd:42: Lost braces; missing escapes or markup?
42 | {knitr} and {rmarkdown} are added by default to allow building the vignettes
| ^
checkRd: (-1) create_renv_for_dev.Rd:6: Lost braces; missing escapes or markup?
6 | \title{Create reproducible environments for your R projects with {renv}}
| ^
checkRd: (-1) create_renv_for_dev.Rd:60: Lost braces; missing escapes or markup?
60 | Indeed, although packages like {attachment} or {pkgload} must be installed to develop,
| ^
checkRd: (-1) create_renv_for_dev.Rd:60: Lost braces; missing escapes or markup?
60 | Indeed, although packages like {attachment} or {pkgload} must be installed to develop,
| ^
Flavors: r-devel-linux-x86_64-debian-clang, r-devel-linux-x86_64-debian-gcc