CRAN Package Check Results for Package atakrig

Last updated on 2024-02-29 19:12:14 CET.

Flavor Version Tinstall Tcheck Ttotal Status Flags
r-devel-linux-x86_64-debian-clang 0.9.8.1 46.82 286.25 333.07 NOTE
r-devel-linux-x86_64-debian-gcc 0.9.8.1 42.20 206.39 248.59 NOTE
r-devel-linux-x86_64-fedora-clang 0.9.8.1 429.43 NOTE
r-devel-linux-x86_64-fedora-gcc 0.9.8.1 438.56 NOTE
r-devel-windows-x86_64 0.9.8.1 43.00 192.00 235.00 OK
r-patched-linux-x86_64 0.9.8.1 47.36 274.14 321.50 OK
r-release-linux-x86_64 0.9.8.1 50.73 272.04 322.77 OK
r-release-macos-arm64 0.9.8.1 87.00 OK
r-release-macos-x86_64 0.9.8.1 221.00 OK
r-release-windows-x86_64 0.9.8.1 55.00 266.00 321.00 OK
r-oldrel-macos-arm64 0.9.8.1 88.00 OK
r-oldrel-windows-x86_64 0.9.8.1 57.00 250.00 307.00 OK

Check Details

Version: 0.9.8.1
Check: Rd files
Result: NOTE checkRd: (-1) ataCoKriging.Rd:52: Lost braces; missing escapes or markup? 52 | only one contrained condition for all points and all variables, \\sum_{i=1}^n\\lambda_i +\\sum_{j=1}^m\\beta_j =1, assuming expected means of variables known and constant with the study area. | ^ checkRd: (-1) ataCoKriging.Rd:52: Lost braces; missing escapes or markup? 52 | only one contrained condition for all points and all variables, \\sum_{i=1}^n\\lambda_i +\\sum_{j=1}^m\\beta_j =1, assuming expected means of variables known and constant with the study area. | ^ Flavors: r-devel-linux-x86_64-debian-clang, r-devel-linux-x86_64-debian-gcc, r-devel-linux-x86_64-fedora-clang, r-devel-linux-x86_64-fedora-gcc