CRAN Package Check Results for Package assocInd

Last updated on 2021-09-21 08:49:29 CEST.

Flavor Version Tinstall Tcheck Ttotal Status Flags
r-devel-linux-x86_64-debian-clang 1.0.1 3.59 40.64 44.23 OK
r-devel-linux-x86_64-debian-gcc 1.0.1 2.71 30.43 33.14 OK
r-devel-linux-x86_64-fedora-clang 1.0.1 62.20 OK
r-devel-linux-x86_64-fedora-gcc 1.0.1 53.58 OK
r-devel-windows-x86_64 1.0.1 6.00 44.00 50.00 OK
r-devel-windows-x86_64-gcc10-UCRT 1.0.1 ERROR
r-patched-linux-x86_64 1.0.1 3.69 40.54 44.23 OK
r-patched-solaris-x86 1.0.1 79.50 OK
r-release-linux-x86_64 1.0.1 2.78 40.54 43.32 OK
r-release-macos-arm64 1.0.1 OK
r-release-macos-x86_64 1.0.1 OK
r-release-windows-ix86+x86_64 1.0.1 7.00 55.00 62.00 OK
r-oldrel-macos-x86_64 1.0.1 OK
r-oldrel-windows-ix86+x86_64 1.0.1 6.00 57.00 63.00 OK

Check Details

Version: 1.0.1
Check: whether package can be installed
Result: WARN
    Found the following significant warnings:
     WARNING: installation-time patches will not be applied, could not get the patches index
Flavor: r-devel-windows-x86_64-gcc10-UCRT

Version: 1.0.1
Check: PDF version of manual
Result: WARN
    LaTeX errors when creating PDF version.
    This typically indicates Rd problems.
Flavor: r-devel-windows-x86_64-gcc10-UCRT

Version: 1.0.1
Check: PDF version of manual without hyperrefs or index
Result: ERROR
    Re-running with no redirection of stdout/stderr.
Flavor: r-devel-windows-x86_64-gcc10-UCRT