CRAN Package Check Results for Package assertive.properties

Last updated on 2021-09-24 20:48:38 CEST.

Flavor Version Tinstall Tcheck Ttotal Status Flags
r-devel-linux-x86_64-debian-clang 0.0-4 2.64 30.34 32.98 NOTE
r-devel-linux-x86_64-debian-gcc 0.0-4 2.08 23.91 25.99 NOTE
r-devel-linux-x86_64-fedora-clang 0.0-4 48.84 NOTE
r-devel-linux-x86_64-fedora-gcc 0.0-4 38.42 NOTE
r-devel-windows-x86_64 0.0-4 3.00 35.00 38.00 NOTE
r-devel-windows-x86_64-gcc10-UCRT 0.0-4 NOTE
r-patched-linux-x86_64 0.0-4 3.10 29.25 32.35 NOTE
r-patched-solaris-x86 0.0-4 61.50 NOTE
r-release-linux-x86_64 0.0-4 2.63 29.58 32.21 NOTE
r-release-macos-arm64 0.0-4 NOTE
r-release-macos-x86_64 0.0-4 NOTE
r-release-windows-ix86+x86_64 0.0-4 6.00 46.00 52.00 NOTE
r-oldrel-macos-x86_64 0.0-4 OK
r-oldrel-windows-ix86+x86_64 0.0-4 4.00 38.00 42.00 OK

Check Details

Version: 0.0-4
Check: LazyData
Result: NOTE
     'LazyData' is specified without a 'data' directory
Flavors: r-devel-linux-x86_64-debian-clang, r-devel-linux-x86_64-debian-gcc, r-devel-linux-x86_64-fedora-clang, r-devel-linux-x86_64-fedora-gcc, r-devel-windows-x86_64, r-devel-windows-x86_64-gcc10-UCRT, r-patched-linux-x86_64, r-patched-solaris-x86, r-release-linux-x86_64, r-release-macos-arm64, r-release-macos-x86_64, r-release-windows-ix86+x86_64