Last updated on 2023-09-28 09:57:58 CEST.
Flavor | Version | Tinstall | Tcheck | Ttotal | Status | Flags |
---|---|---|---|---|---|---|
r-devel-linux-x86_64-debian-clang | 0.0-9 | 3.15 | 30.65 | 33.80 | NOTE | |
r-devel-linux-x86_64-debian-gcc | 0.0-9 | 2.16 | 23.72 | 25.88 | NOTE | |
r-devel-linux-x86_64-fedora-clang | 0.0-9 | 41.59 | NOTE | |||
r-devel-linux-x86_64-fedora-gcc | 0.0-9 | 41.84 | NOTE | |||
r-devel-windows-x86_64 | 0.0-9 | 9.00 | 49.00 | 58.00 | NOTE | |
r-patched-linux-x86_64 | 0.0-9 | 2.62 | 29.77 | 32.39 | NOTE | |
r-release-linux-x86_64 | 0.0-9 | 2.67 | 29.94 | 32.61 | NOTE | |
r-release-macos-arm64 | 0.0-9 | 18.00 | NOTE | |||
r-release-macos-x86_64 | 0.0-9 | 24.00 | NOTE | |||
r-release-windows-x86_64 | 0.0-9 | 4.00 | 59.00 | 63.00 | NOTE | |
r-oldrel-macos-arm64 | 0.0-9 | 20.00 | NOTE | |||
r-oldrel-macos-x86_64 | 0.0-9 | 27.00 | NOTE | |||
r-oldrel-windows-x86_64 | 0.0-9 | 6.00 | 50.00 | 56.00 | NOTE |
Version: 0.0-9
Check: LazyData
Result: NOTE
'LazyData' is specified without a 'data' directory
Flavors: r-devel-linux-x86_64-debian-clang, r-devel-linux-x86_64-debian-gcc, r-devel-linux-x86_64-fedora-clang, r-devel-linux-x86_64-fedora-gcc, r-devel-windows-x86_64, r-patched-linux-x86_64, r-release-linux-x86_64, r-release-macos-arm64, r-release-macos-x86_64, r-release-windows-x86_64, r-oldrel-macos-arm64, r-oldrel-macos-x86_64, r-oldrel-windows-x86_64
Version: 0.0-9
Check: Rd cross-references
Result: NOTE
Undeclared packages ‘assertive.properties’, ‘assertive.types’ in Rd xrefs
Flavor: r-devel-linux-x86_64-fedora-clang