CRAN Package Check Results for Package askpass

Last updated on 2022-01-22 07:52:36 CET.

Flavor Version Tinstall Tcheck Ttotal Status Flags
r-devel-linux-x86_64-debian-clang 1.1 2.62 28.62 31.24 NOTE
r-devel-linux-x86_64-debian-gcc 1.1 1.91 22.78 24.69 NOTE
r-devel-linux-x86_64-fedora-clang 1.1 40.18 NOTE
r-devel-linux-x86_64-fedora-gcc 1.1 29.01 NOTE
r-devel-windows-x86_64-new-UL 1.1 21.00 51.00 72.00 NOTE
r-devel-windows-x86_64-new-TK 1.1 NOTE
r-patched-linux-x86_64 1.1 2.08 27.85 29.93 NOTE
r-release-linux-x86_64 1.1 2.20 27.87 30.07 NOTE
r-release-macos-arm64 1.1 NOTE
r-release-macos-x86_64 1.1 NOTE
r-release-windows-ix86+x86_64 1.1 10.00 46.00 56.00 NOTE
r-oldrel-macos-x86_64 1.1 OK
r-oldrel-windows-ix86+x86_64 1.1 10.00 45.00 55.00 OK

Check Details

Version: 1.1
Check: LazyData
Result: NOTE
     'LazyData' is specified without a 'data' directory
Flavors: r-devel-linux-x86_64-debian-clang, r-devel-linux-x86_64-debian-gcc, r-devel-linux-x86_64-fedora-clang, r-devel-linux-x86_64-fedora-gcc, r-devel-windows-x86_64-new-UL, r-devel-windows-x86_64-new-TK, r-patched-linux-x86_64, r-release-linux-x86_64, r-release-macos-arm64, r-release-macos-x86_64, r-release-windows-ix86+x86_64