CRAN Package Check Results for Package ash

Last updated on 2023-03-30 08:53:30 CEST.

Flavor Version Tinstall Tcheck Ttotal Status Flags
r-devel-linux-x86_64-debian-clang 1.0-15 3.01 20.65 23.66 OK
r-devel-linux-x86_64-debian-gcc 1.0-15 2.09 16.15 18.24 OK
r-devel-linux-x86_64-fedora-clang 1.0-15 30.24 NOTE
r-devel-linux-x86_64-fedora-gcc 1.0-15 28.65 NOTE
r-devel-windows-x86_64 1.0-15 16.00 48.00 64.00 OK
r-patched-linux-x86_64 1.0-15 2.72 20.23 22.95 OK
r-release-linux-x86_64 1.0-15 2.65 20.73 23.38 OK
r-release-macos-arm64 1.0-15 18.00 OK
r-release-macos-x86_64 1.0-15 22.00 OK
r-release-windows-x86_64 1.0-15 7.00 43.00 50.00 OK
r-oldrel-macos-arm64 1.0-15 21.00 OK
r-oldrel-macos-x86_64 1.0-15 28.00 OK
r-oldrel-windows-ix86+x86_64 1.0-15 9.00 38.00 47.00 OK

Check Details

Version: 1.0-15
Check: compiled code
Result: NOTE
    File ‘ash/libs/ash.so’:
     Found no calls to: ‘R_registerRoutines’, ‘R_useDynamicSymbols’
    
    It is good practice to register native routines and to disable symbol
    search.
    
    See ‘Writing portable packages’ in the ‘Writing R Extensions’ manual.
Flavors: r-devel-linux-x86_64-fedora-clang, r-devel-linux-x86_64-fedora-gcc