CRAN Package Check Results for Package asciichartr

Last updated on 2021-12-06 19:50:31 CET.

Flavor Version Tinstall Tcheck Ttotal Status Flags
r-devel-linux-x86_64-debian-clang 0.1.0 1.96 27.29 29.25 NOTE
r-devel-linux-x86_64-debian-gcc 0.1.0 1.49 21.82 23.31 NOTE
r-devel-linux-x86_64-fedora-clang 0.1.0 37.72 NOTE
r-devel-linux-x86_64-fedora-gcc 0.1.0 26.52 NOTE
r-devel-windows-x86_64-new-UL 0.1.0 5.00 51.00 56.00 NOTE
r-devel-windows-x86_64-new-TK 0.1.0 NOTE
r-devel-windows-x86_64-old 0.1.0 4.00 27.00 31.00 NOTE
r-patched-linux-x86_64 0.1.0 1.81 18.29 20.10 NOTE
r-release-linux-x86_64 0.1.0 1.94 26.07 28.01 NOTE
r-release-macos-arm64 0.1.0 NOTE
r-release-macos-x86_64 0.1.0 NOTE
r-release-windows-ix86+x86_64 0.1.0 5.00 35.00 40.00 NOTE
r-oldrel-macos-x86_64 0.1.0 NOTE
r-oldrel-windows-ix86+x86_64 0.1.0 4.00 31.00 35.00 OK

Check Details

Version: 0.1.0
Check: LazyData
Result: NOTE
     'LazyData' is specified without a 'data' directory
Flavors: r-devel-linux-x86_64-debian-clang, r-devel-linux-x86_64-debian-gcc, r-devel-linux-x86_64-fedora-clang, r-devel-linux-x86_64-fedora-gcc, r-devel-windows-x86_64-new-UL, r-devel-windows-x86_64-new-TK, r-devel-windows-x86_64-old, r-patched-linux-x86_64, r-release-linux-x86_64, r-release-macos-arm64, r-release-macos-x86_64, r-release-windows-ix86+x86_64

Version: 0.1.0
Check: dependencies in R code
Result: NOTE
    Namespace in Imports field not imported from: ‘methods’
     All declared Imports should be used.
Flavors: r-devel-linux-x86_64-fedora-clang, r-devel-linux-x86_64-fedora-gcc, r-devel-windows-x86_64-new-TK, r-release-macos-arm64, r-release-macos-x86_64, r-oldrel-macos-x86_64