CRAN Package Check Results for Package asaur

Last updated on 2021-09-21 08:49:29 CEST.

Flavor Version Tinstall Tcheck Ttotal Status Flags
r-devel-linux-x86_64-debian-clang 0.50 1.39 16.28 17.67 OK
r-devel-linux-x86_64-debian-gcc 0.50 1.23 13.03 14.26 OK
r-devel-linux-x86_64-fedora-clang 0.50 31.22 OK
r-devel-linux-x86_64-fedora-gcc 0.50 21.26 OK
r-devel-windows-x86_64 0.50 2.00 20.00 22.00 OK
r-devel-windows-x86_64-gcc10-UCRT 0.50 ERROR
r-patched-linux-x86_64 0.50 1.61 16.03 17.64 OK
r-patched-solaris-x86 0.50 34.60 OK
r-release-linux-x86_64 0.50 1.47 15.99 17.46 OK
r-release-macos-arm64 0.50 OK
r-release-macos-x86_64 0.50 OK
r-release-windows-ix86+x86_64 0.50 4.00 31.00 35.00 OK
r-oldrel-macos-x86_64 0.50 OK
r-oldrel-windows-ix86+x86_64 0.50 3.00 27.00 30.00 OK

Check Details

Version: 0.50
Check: whether package can be installed
Result: WARN
    Found the following significant warnings:
     WARNING: installation-time patches will not be applied, could not get the patches index
Flavor: r-devel-windows-x86_64-gcc10-UCRT

Version: 0.50
Check: PDF version of manual
Result: WARN
    LaTeX errors when creating PDF version.
    This typically indicates Rd problems.
Flavor: r-devel-windows-x86_64-gcc10-UCRT

Version: 0.50
Check: PDF version of manual without hyperrefs or index
Result: ERROR
    Re-running with no redirection of stdout/stderr.
Flavor: r-devel-windows-x86_64-gcc10-UCRT