CRAN Package Check Results for Package aroma.core

Last updated on 2020-07-05 21:47:25 CEST.

Flavor Version Tinstall Tcheck Ttotal Status Flags
r-devel-linux-x86_64-debian-clang 3.2.1 29.43 170.38 199.81 NOTE
r-devel-linux-x86_64-debian-gcc 3.2.1 24.73 129.20 153.93 NOTE
r-devel-linux-x86_64-fedora-clang 3.2.1 246.10 NOTE
r-devel-linux-x86_64-fedora-gcc 3.2.1 236.41 NOTE
r-devel-windows-ix86+x86_64 3.2.1 78.00 226.00 304.00 NOTE
r-patched-linux-x86_64 3.2.1 29.82 169.58 199.40 NOTE
r-patched-solaris-x86 3.2.1 290.20 NOTE
r-release-linux-x86_64 3.2.1 28.55 169.07 197.62 NOTE
r-release-osx-x86_64 3.2.1 ERROR
r-release-windows-ix86+x86_64 3.2.1 37.00 171.00 208.00 NOTE
r-oldrel-osx-x86_64 3.2.1 NOTE
r-oldrel-windows-ix86+x86_64 3.2.1 45.00 237.00 282.00 NOTE

Check Details

Version: 3.2.1
Check: package dependencies
Result: NOTE
    Packages suggested but not available for checking:
     'sfit', 'expectile', 'HaarSeg', 'mpcbs'
Flavors: r-devel-linux-x86_64-debian-clang, r-devel-linux-x86_64-debian-gcc, r-devel-linux-x86_64-fedora-clang, r-devel-linux-x86_64-fedora-gcc, r-devel-windows-ix86+x86_64, r-patched-linux-x86_64, r-patched-solaris-x86, r-release-linux-x86_64, r-release-windows-ix86+x86_64, r-oldrel-windows-ix86+x86_64

Version: 3.2.1
Check: package dependencies
Result: ERROR
    Package required but not available: ‘PSCBS’
    
    Packages suggested but not available for checking:
     'aroma.light', 'GLAD', 'sfit', 'expectile', 'HaarSeg', 'mpcbs'
    
    See section ‘The DESCRIPTION file’ in the ‘Writing R Extensions’
    manual.
Flavor: r-release-osx-x86_64

Version: 3.2.1
Check: package dependencies
Result: NOTE
    Packages suggested but not available for checking:
     'GLAD', 'sfit', 'expectile', 'HaarSeg', 'mpcbs'
Flavor: r-oldrel-osx-x86_64

Version: 3.2.1
Check: Rd cross-references
Result: NOTE
    Package unavailable to check Rd xrefs: ‘GLAD’
Flavor: r-oldrel-osx-x86_64