CRAN Package Check Results for Package aroma.core

Last updated on 2019-12-07 08:49:19 CET.

Flavor Version Tinstall Tcheck Ttotal Status Flags
r-devel-linux-x86_64-debian-clang 3.2.0 29.99 164.83 194.82 NOTE
r-devel-linux-x86_64-debian-gcc 3.2.0 24.05 124.90 148.95 NOTE
r-devel-linux-x86_64-fedora-clang 3.2.0 248.07 NOTE
r-devel-linux-x86_64-fedora-gcc 3.2.0 237.31 NOTE
r-devel-windows-ix86+x86_64 3.2.0 41.00 227.00 268.00 NOTE
r-devel-windows-ix86+x86_64-gcc8 3.2.0 48.00 166.00 214.00 NOTE
r-patched-linux-x86_64 3.2.0 25.80 148.42 174.22 NOTE
r-patched-solaris-x86 3.2.0 276.10 NOTE
r-release-linux-x86_64 3.2.0 26.66 149.03 175.69 NOTE
r-release-windows-ix86+x86_64 3.2.0 57.00 155.00 212.00 NOTE
r-release-osx-x86_64 3.2.0 NOTE
r-oldrel-windows-ix86+x86_64 3.2.0 34.00 235.00 269.00 NOTE
r-oldrel-osx-x86_64 3.2.0 NOTE

Check Details

Version: 3.2.0
Check: package dependencies
Result: NOTE
    Packages suggested but not available for checking:
     'sfit', 'expectile', 'HaarSeg', 'mpcbs'
Flavors: r-devel-linux-x86_64-debian-clang, r-devel-linux-x86_64-debian-gcc, r-devel-linux-x86_64-fedora-clang, r-devel-linux-x86_64-fedora-gcc, r-devel-windows-ix86+x86_64, r-devel-windows-ix86+x86_64-gcc8, r-patched-linux-x86_64, r-patched-solaris-x86, r-release-linux-x86_64, r-release-windows-ix86+x86_64

Version: 3.2.0
Check: package dependencies
Result: NOTE
    Packages suggested but not available for checking:
     'GLAD', 'sfit', 'expectile', 'HaarSeg', 'mpcbs'
Flavor: r-release-osx-x86_64

Version: 3.2.0
Check: Rd cross-references
Result: NOTE
    Package unavailable to check Rd xrefs: ‘GLAD’
Flavors: r-release-osx-x86_64, r-oldrel-osx-x86_64

Version: 3.2.0
Check: package dependencies
Result: NOTE
    Packages suggested but not available for checking:
     'sfit' 'expectile' 'HaarSeg' 'mpcbs'
Flavor: r-oldrel-windows-ix86+x86_64

Version: 3.2.0
Check: package dependencies
Result: NOTE
    Packages suggested but not available for checking:
     ‘GLAD’ ‘sfit’ ‘expectile’ ‘HaarSeg’ ‘mpcbs’
Flavor: r-oldrel-osx-x86_64