CRAN Package Check Results for Package aroma.core

Last updated on 2022-01-20 07:52:51 CET.

Flavor Version Tinstall Tcheck Ttotal Status Flags
r-devel-linux-x86_64-debian-clang 3.2.2 NOTE
r-devel-linux-x86_64-debian-gcc 3.2.2 27.62 144.36 171.98 NOTE
r-devel-linux-x86_64-fedora-clang 3.2.2 276.12 NOTE
r-devel-linux-x86_64-fedora-gcc 3.2.2 259.89 NOTE
r-devel-windows-x86_64-new-UL 3.2.2 1028.00 212.00 1240.00 NOTE
r-devel-windows-x86_64-new-TK 3.2.2 NOTE
r-patched-linux-x86_64 3.2.2 38.46 186.96 225.42 NOTE
r-release-linux-x86_64 3.2.2 31.29 185.03 216.32 NOTE
r-release-macos-arm64 3.2.2 NOTE
r-release-macos-x86_64 3.2.2 NOTE
r-release-windows-ix86+x86_64 3.2.2 53.00 203.00 256.00 NOTE
r-oldrel-macos-x86_64 3.2.2 NOTE
r-oldrel-windows-ix86+x86_64 3.2.2 48.00 206.00 254.00 NOTE

Check Details

Version: 3.2.2
Check: package dependencies
Result: NOTE
    Packages suggested but not available for checking:
     'sfit', 'expectile', 'HaarSeg', 'mpcbs'
Flavors: r-devel-linux-x86_64-debian-clang, r-devel-linux-x86_64-debian-gcc, r-devel-linux-x86_64-fedora-clang, r-devel-linux-x86_64-fedora-gcc, r-devel-windows-x86_64-new-UL, r-devel-windows-x86_64-new-TK, r-patched-linux-x86_64, r-release-linux-x86_64, r-release-windows-ix86+x86_64, r-oldrel-windows-ix86+x86_64

Version: 3.2.2
Check: package dependencies
Result: NOTE
    Packages suggested but not available for checking:
     'GLAD', 'sfit', 'expectile', 'HaarSeg', 'mpcbs'
Flavors: r-release-macos-arm64, r-release-macos-x86_64, r-oldrel-macos-x86_64

Version: 3.2.2
Check: Rd cross-references
Result: NOTE
    Package unavailable to check Rd xrefs: ‘GLAD’
Flavors: r-release-macos-arm64, r-oldrel-macos-x86_64