CRAN Package Check Results for Package aroma.cn

Last updated on 2022-01-22 07:52:36 CET.

Flavor Version Tinstall Tcheck Ttotal Status Flags
r-devel-linux-x86_64-debian-clang 1.6.1 12.58 92.47 105.05 OK
r-devel-linux-x86_64-debian-gcc 1.6.1 10.04 70.30 80.34 OK
r-devel-linux-x86_64-fedora-clang 1.6.1 129.51 OK
r-devel-linux-x86_64-fedora-gcc 1.6.1 119.74 OK
r-devel-windows-x86_64-new-UL 1.6.1 96.00 113.00 209.00 OK
r-devel-windows-x86_64-new-TK 1.6.1 OK
r-patched-linux-x86_64 1.6.1 16.53 90.06 106.59 OK
r-release-linux-x86_64 1.6.1 10.85 89.44 100.29 OK
r-release-macos-arm64 1.6.1 NOTE
r-release-macos-x86_64 1.6.1 NOTE
r-release-windows-ix86+x86_64 1.6.1 24.00 103.00 127.00 OK
r-oldrel-macos-x86_64 1.6.1 NOTE
r-oldrel-windows-ix86+x86_64 1.6.1 24.00 103.00 127.00 OK

Check Details

Version: 1.6.1
Check: package dependencies
Result: NOTE
    Package suggested but not available for checking: ‘GLAD’
Flavors: r-release-macos-arm64, r-release-macos-x86_64, r-oldrel-macos-x86_64