CRAN Package Check Results for Package aroma.affymetrix

Last updated on 2022-01-26 19:50:25 CET.

Flavor Version Tinstall Tcheck Ttotal Status Flags
r-devel-linux-x86_64-debian-clang 3.2.0 54.47 313.15 367.62 OK
r-devel-linux-x86_64-debian-gcc 3.2.0 50.18 230.60 280.78 OK
r-devel-linux-x86_64-fedora-clang 3.2.0 454.33 NOTE
r-devel-linux-x86_64-fedora-gcc 3.2.0 457.46 OK
r-devel-windows-x86_64-new-UL 3.2.0 7494.00 347.00 7841.00 NOTE
r-devel-windows-x86_64-new-TK 3.2.0 OK
r-patched-linux-x86_64 3.2.0 70.89 304.00 374.89 OK
r-release-linux-x86_64 3.2.0 53.41 305.56 358.97 OK
r-release-macos-arm64 3.2.0 NOTE
r-release-macos-x86_64 3.2.0 NOTE
r-release-windows-ix86+x86_64 3.2.0 95.00 321.00 416.00 NOTE
r-oldrel-macos-x86_64 3.2.0 NOTE
r-oldrel-windows-ix86+x86_64 3.2.0 95.00 318.00 413.00 NOTE

Check Details

Version: 3.2.0
Check: installed package size
Result: NOTE
     installed size is 5.8Mb
     sub-directories of 1Mb or more:
     R 2.3Mb
     help 1.1Mb
     testScripts 1.3Mb
Flavors: r-devel-linux-x86_64-fedora-clang, r-devel-windows-x86_64-new-UL, r-release-macos-arm64, r-release-macos-x86_64, r-release-windows-ix86+x86_64, r-oldrel-macos-x86_64, r-oldrel-windows-ix86+x86_64

Version: 3.2.0
Check: package dependencies
Result: NOTE
    Packages suggested but not available for checking:
     'oligo', 'pdInfoBuilder', 'AffymetrixDataTestFiles'
Flavor: r-release-macos-arm64

Version: 3.2.0
Check: Rd cross-references
Result: NOTE
    Package unavailable to check Rd xrefs: ‘oligo’
Flavor: r-release-macos-arm64

Version: 3.2.0
Check: package dependencies
Result: NOTE
    Packages suggested but not available for checking:
     'pdInfoBuilder', 'AffymetrixDataTestFiles'
Flavors: r-release-macos-x86_64, r-oldrel-macos-x86_64