CRAN Package Check Results for Package arkdb

Last updated on 2021-10-27 08:55:57 CEST.

Flavor Version Tinstall Tcheck Ttotal Status Flags
r-devel-linux-x86_64-debian-clang 0.0.14 3.08 286.02 289.10 NOTE
r-devel-linux-x86_64-debian-gcc 0.0.14 2.54 227.66 230.20 NOTE
r-devel-linux-x86_64-fedora-clang 0.0.14 362.28 NOTE
r-devel-linux-x86_64-fedora-gcc 0.0.14 348.92 NOTE
r-devel-windows-x86_64 0.0.14 4.00 371.00 375.00 NOTE
r-devel-windows-x86_64-gcc10-UCRT 0.0.14 NOTE
r-patched-linux-x86_64 0.0.14 3.09 280.15 283.24 NOTE
r-patched-solaris-x86 0.0.14 91.70 NOTE
r-release-linux-x86_64 0.0.14 3.27 280.20 283.47 NOTE
r-release-macos-arm64 0.0.14 NOTE
r-release-macos-x86_64 0.0.14 NOTE
r-release-windows-ix86+x86_64 0.0.13 5.00 259.00 264.00 NOTE
r-oldrel-macos-x86_64 0.0.14 NOTE
r-oldrel-windows-ix86+x86_64 0.0.14 5.00 246.00 251.00 NOTE

Check Details

Version: 0.0.14
Check: package dependencies
Result: NOTE
    Package suggested but not available for checking: 'MonetDBLite'
Flavors: r-devel-linux-x86_64-debian-clang, r-devel-linux-x86_64-debian-gcc, r-devel-linux-x86_64-fedora-clang, r-devel-linux-x86_64-fedora-gcc, r-devel-windows-x86_64, r-devel-windows-x86_64-gcc10-UCRT, r-patched-linux-x86_64, r-patched-solaris-x86, r-release-linux-x86_64, r-release-macos-arm64, r-release-macos-x86_64, r-oldrel-macos-x86_64, r-oldrel-windows-ix86+x86_64

Version: 0.0.13
Check: package dependencies
Result: NOTE
    Package suggested but not available for checking: 'MonetDBLite'
Flavor: r-release-windows-ix86+x86_64