CRAN Package Check Results for Package ari

Last updated on 2024-02-28 19:49:29 CET.

Flavor Version Tinstall Tcheck Ttotal Status Flags
r-devel-linux-x86_64-debian-clang 0.3.5 8.19 79.24 87.43 NOTE
r-devel-linux-x86_64-debian-gcc 0.3.5 5.72 58.98 64.70 NOTE
r-devel-linux-x86_64-fedora-clang 0.3.5 106.22 NOTE
r-devel-linux-x86_64-fedora-gcc 0.3.5 115.34 NOTE
r-devel-windows-x86_64 0.3.5 8.00 74.00 82.00 NOTE
r-patched-linux-x86_64 0.3.5 7.74 76.52 84.26 NOTE
r-release-linux-x86_64 0.3.5 5.21 75.70 80.91 NOTE
r-release-macos-arm64 0.3.5 33.00 NOTE
r-release-macos-x86_64 0.3.5 49.00 NOTE
r-release-windows-x86_64 0.3.5 10.00 85.00 95.00 NOTE
r-oldrel-macos-arm64 0.3.5 28.00 NOTE
r-oldrel-windows-x86_64 0.3.5 11.00 92.00 103.00 NOTE

Check Details

Version: 0.3.5
Check: LazyData
Result: NOTE 'LazyData' is specified without a 'data' directory Flavors: r-devel-linux-x86_64-debian-clang, r-devel-linux-x86_64-debian-gcc, r-devel-linux-x86_64-fedora-clang, r-devel-linux-x86_64-fedora-gcc, r-devel-windows-x86_64, r-patched-linux-x86_64, r-release-linux-x86_64, r-release-macos-arm64, r-release-macos-x86_64, r-release-windows-x86_64, r-oldrel-macos-arm64, r-oldrel-windows-x86_64