CRAN Package Check Results for Package arenar

Last updated on 2021-09-25 20:50:20 CEST.

Flavor Version Tinstall Tcheck Ttotal Status Flags
r-devel-linux-x86_64-debian-clang 0.2.0 4.35 98.64 102.99 NOTE
r-devel-linux-x86_64-debian-gcc 0.2.0 3.03 76.56 79.59 NOTE
r-devel-linux-x86_64-fedora-clang 0.2.0 124.46 NOTE
r-devel-linux-x86_64-fedora-gcc 0.2.0 112.77 NOTE
r-devel-windows-x86_64 0.2.0 5.00 90.00 95.00 NOTE
r-devel-windows-x86_64-gcc10-UCRT 0.2.0 NOTE
r-patched-linux-x86_64 0.2.0 4.54 93.10 97.64 NOTE
r-patched-solaris-x86 0.2.0 986.10 NOTE
r-release-linux-x86_64 0.2.0 3.40 93.96 97.36 NOTE
r-release-macos-arm64 0.2.0 NOTE
r-release-macos-x86_64 0.2.0 NOTE
r-release-windows-ix86+x86_64 0.2.0 10.00 110.00 120.00 NOTE
r-oldrel-macos-x86_64 0.2.0 OK
r-oldrel-windows-ix86+x86_64 0.2.0 7.00 83.00 90.00 OK

Check Details

Version: 0.2.0
Check: LazyData
Result: NOTE
     'LazyData' is specified without a 'data' directory
Flavors: r-devel-linux-x86_64-debian-clang, r-devel-linux-x86_64-debian-gcc, r-devel-linux-x86_64-fedora-clang, r-devel-linux-x86_64-fedora-gcc, r-devel-windows-x86_64, r-devel-windows-x86_64-gcc10-UCRT, r-patched-linux-x86_64, r-patched-solaris-x86, r-release-linux-x86_64, r-release-macos-arm64, r-release-macos-x86_64, r-release-windows-ix86+x86_64